Last updated on 2024-06-27 16:49:11 CEST.
Flavor | Version | Tinstall | Tcheck | Ttotal | Status | Flags |
---|---|---|---|---|---|---|
r-devel-linux-x86_64-debian-clang | 2.0.9 | OK | ||||
r-devel-linux-x86_64-debian-gcc | 2.0.9 | 9.17 | 153.57 | 162.74 | OK | |
r-devel-linux-x86_64-fedora-clang | 2.0.9 | 264.49 | NOTE | |||
r-devel-linux-x86_64-fedora-gcc | 2.0.9 | 263.52 | OK | |||
r-devel-windows-x86_64 | 2.0.9 | 12.00 | 145.00 | 157.00 | OK | |
r-patched-linux-x86_64 | 2.0.9 | 10.53 | 199.16 | 209.69 | OK | |
r-release-linux-x86_64 | 2.0.9 | 10.79 | 201.46 | 212.25 | OK | |
r-release-macos-arm64 | 2.0.9 | 96.00 | OK | |||
r-release-macos-x86_64 | 2.0.9 | 120.00 | OK | |||
r-release-windows-x86_64 | 2.0.9 | 15.00 | 145.00 | 160.00 | OK | |
r-oldrel-macos-arm64 | 2.0.9 | 103.00 | OK | |||
r-oldrel-macos-x86_64 | 2.0.9 | 143.00 | OK | |||
r-oldrel-windows-x86_64 | 2.0.9 | 15.00 | 169.00 | 184.00 | OK |
Version: 2.0.9
Check: Rd cross-references
Result: NOTE
Undeclared package ‘usethis’ in Rd xrefs
Flavor: r-devel-linux-x86_64-fedora-clang