Last updated on 2024-06-27 16:49:11 CEST.
Flavor | Version | Tinstall | Tcheck | Ttotal | Status | Flags |
---|---|---|---|---|---|---|
r-devel-linux-x86_64-debian-clang | 1.3.1 | NOTE | ||||
r-devel-linux-x86_64-debian-gcc | 1.3.1 | 16.44 | 61.35 | 77.79 | NOTE | |
r-devel-linux-x86_64-fedora-clang | 1.3.1 | 123.89 | NOTE | |||
r-devel-linux-x86_64-fedora-gcc | 1.3.1 | 135.09 | NOTE | |||
r-devel-windows-x86_64 | 1.3.1 | 18.00 | 91.00 | 109.00 | NOTE | |
r-patched-linux-x86_64 | 1.3.1 | 18.52 | 76.22 | 94.74 | NOTE | |
r-release-linux-x86_64 | 1.3.1 | 20.05 | 78.74 | 98.79 | NOTE | |
r-release-macos-arm64 | 1.3.1 | 44.00 | NOTE | |||
r-release-macos-x86_64 | 1.3.1 | 68.00 | NOTE | |||
r-release-windows-x86_64 | 1.3.1 | 20.00 | 93.00 | 113.00 | NOTE | |
r-oldrel-macos-arm64 | 1.3.1 | 47.00 | NOTE | |||
r-oldrel-macos-x86_64 | 1.3.1 | 79.00 | NOTE | |||
r-oldrel-windows-x86_64 | 1.3.1 | 18.00 | 103.00 | 121.00 | NOTE |
Version: 1.3.1
Check: C++ specification
Result: NOTE
Specified C++11: please drop specification unless essential
Flavors: r-devel-linux-x86_64-debian-clang, r-devel-linux-x86_64-debian-gcc, r-devel-linux-x86_64-fedora-clang, r-devel-linux-x86_64-fedora-gcc, r-devel-windows-x86_64, r-patched-linux-x86_64, r-release-linux-x86_64, r-release-macos-arm64, r-release-macos-x86_64, r-release-windows-x86_64, r-oldrel-macos-arm64, r-oldrel-macos-x86_64, r-oldrel-windows-x86_64
Version: 1.3.1
Check: installed package size
Result: NOTE
installed size is 5.6Mb
sub-directories of 1Mb or more:
libs 4.6Mb
Flavors: r-release-macos-arm64, r-release-macos-x86_64, r-oldrel-macos-arm64, r-oldrel-macos-x86_64