Last updated on 2024-07-13 05:49:22 CEST.
Flavor | Version | Tinstall | Tcheck | Ttotal | Status | Flags |
---|---|---|---|---|---|---|
r-devel-linux-x86_64-debian-clang | 1.0.2 | 4.31 | 72.19 | 76.50 | OK | |
r-devel-linux-x86_64-debian-gcc | 1.0.2 | 3.45 | 53.90 | 57.35 | OK | |
r-devel-linux-x86_64-fedora-clang | 1.0.2 | 98.64 | NOTE | |||
r-devel-linux-x86_64-fedora-gcc | 1.0.2 | 105.57 | NOTE | |||
r-devel-windows-x86_64 | 1.0.2 | 7.00 | 80.00 | 87.00 | OK | |
r-patched-linux-x86_64 | 1.0.2 | 3.41 | 69.71 | 73.12 | OK | |
r-release-linux-x86_64 | 1.0.2 | 2.95 | 70.61 | 73.56 | OK | |
r-release-macos-arm64 | 1.0.2 | 37.00 | OK | |||
r-release-macos-x86_64 | 1.0.2 | 56.00 | OK | |||
r-release-windows-x86_64 | 1.0.2 | 6.00 | 83.00 | 89.00 | OK | |
r-oldrel-macos-arm64 | 1.0.2 | 41.00 | OK | |||
r-oldrel-macos-x86_64 | 1.0.2 | 69.00 | OK | |||
r-oldrel-windows-x86_64 | 1.0.2 | 8.00 | 89.00 | 97.00 | OK |
Version: 1.0.2
Check: data for non-ASCII characters
Result: NOTE
Note: found 4 marked UTF-8 strings
Flavors: r-devel-linux-x86_64-fedora-clang, r-devel-linux-x86_64-fedora-gcc