Last updated on 2024-07-13 05:49:22 CEST.
Flavor | Version | Tinstall | Tcheck | Ttotal | Status | Flags |
---|---|---|---|---|---|---|
r-devel-linux-x86_64-debian-clang | 3.7.6 | 402.28 | 40.35 | 442.63 | OK | |
r-devel-linux-x86_64-debian-gcc | 3.7.6 | 341.61 | 31.66 | 373.27 | OK | |
r-devel-linux-x86_64-fedora-clang | 3.7.6 | 774.21 | OK | |||
r-devel-linux-x86_64-fedora-gcc | 3.7.6 | 798.64 | OK | |||
r-devel-windows-x86_64 | 3.7.6 | 496.00 | 100.00 | 596.00 | OK | |
r-patched-linux-x86_64 | 3.7.6 | 401.82 | 39.98 | 441.80 | OK | |
r-release-linux-x86_64 | 3.7.6 | 414.73 | 41.08 | 455.81 | OK | |
r-release-macos-arm64 | 3.7.6 | 155.00 | NOTE | |||
r-release-macos-x86_64 | 3.7.6 | 117.00 | NOTE | |||
r-release-windows-x86_64 | 3.7.6 | 499.00 | 108.00 | 607.00 | OK | |
r-oldrel-macos-arm64 | 3.7.6 | 172.00 | NOTE | |||
r-oldrel-macos-x86_64 | 3.7.6 | 160.00 | NOTE | |||
r-oldrel-windows-x86_64 | 3.7.6 | 444.00 | 119.00 | 563.00 | OK |
Version: 3.7.6
Check: installed package size
Result: NOTE
installed size is 45.7Mb
sub-directories of 1Mb or more:
libs 44.9Mb
Flavors: r-release-macos-arm64, r-release-macos-x86_64, r-oldrel-macos-arm64, r-oldrel-macos-x86_64