Last updated on 2024-06-21 15:52:59 CEST.
Flavor | Version | Tinstall | Tcheck | Ttotal | Status | Flags |
---|---|---|---|---|---|---|
r-devel-linux-x86_64-debian-clang | 1.13 | 7.20 | 30.99 | 38.19 | OK | |
r-devel-linux-x86_64-debian-gcc | 1.13 | 6.30 | 23.31 | 29.61 | OK | |
r-devel-linux-x86_64-fedora-clang | 1.13 | 48.22 | NOTE | |||
r-devel-linux-x86_64-fedora-gcc | 1.13 | 48.68 | NOTE | |||
r-devel-windows-x86_64 | 1.13 | 11.00 | 48.00 | 59.00 | OK | |
r-patched-linux-x86_64 | 1.13 | 8.53 | 29.63 | 38.16 | OK | |
r-release-linux-x86_64 | 1.13 | 8.47 | 30.48 | 38.95 | OK | |
r-release-macos-arm64 | 1.13 | 22.00 | OK | |||
r-release-macos-x86_64 | 1.13 | 29.00 | OK | |||
r-release-windows-x86_64 | 1.13 | 12.00 | 50.00 | 62.00 | OK | |
r-oldrel-macos-arm64 | 1.13 | 22.00 | OK | |||
r-oldrel-macos-x86_64 | 1.13 | 37.00 | OK | |||
r-oldrel-windows-x86_64 | 1.13 | 13.00 | 54.00 | 67.00 | OK |
Version: 1.13
Check: dependencies in R code
Result: NOTE
Namespaces in Imports field not imported from:
‘MASS’ ‘Rdpack’ ‘mclust’
All declared Imports should be used.
Flavors: r-devel-linux-x86_64-fedora-clang, r-devel-linux-x86_64-fedora-gcc