Last updated on 2024-07-13 05:49:21 CEST.
Flavor | Version | Tinstall | Tcheck | Ttotal | Status | Flags |
---|---|---|---|---|---|---|
r-devel-linux-x86_64-debian-clang | 0.5.1 | 1.85 | 36.33 | 38.18 | OK | |
r-devel-linux-x86_64-debian-gcc | 0.5.1 | 1.75 | 28.21 | 29.96 | OK | |
r-devel-linux-x86_64-fedora-clang | 0.5.1 | 49.57 | NOTE | |||
r-devel-linux-x86_64-fedora-gcc | 0.5.1 | 47.22 | OK | |||
r-devel-windows-x86_64 | 0.5.1 | 3.00 | 51.00 | 54.00 | OK | |
r-patched-linux-x86_64 | 0.5.1 | 2.31 | 33.94 | 36.25 | OK | |
r-release-linux-x86_64 | 0.5.1 | 2.54 | 35.67 | 38.21 | OK | |
r-release-macos-arm64 | 0.5.1 | 20.00 | OK | |||
r-release-macos-x86_64 | 0.5.1 | 42.00 | OK | |||
r-release-windows-x86_64 | 0.5.1 | 3.00 | 53.00 | 56.00 | OK | |
r-oldrel-macos-arm64 | 0.5.1 | 27.00 | OK | |||
r-oldrel-macos-x86_64 | 0.5.1 | 36.00 | OK | |||
r-oldrel-windows-x86_64 | 0.5.1 | 3.00 | 54.00 | 57.00 | OK |
Version: 0.5.1
Check: Rd cross-references
Result: NOTE
Undeclared package ‘Synth’ in Rd xrefs
Flavor: r-devel-linux-x86_64-fedora-clang