Last updated on 2024-07-13 05:49:21 CEST.
Flavor | Version | Tinstall | Tcheck | Ttotal | Status | Flags |
---|---|---|---|---|---|---|
r-devel-linux-x86_64-debian-clang | 1.0-4 | 9.66 | 59.82 | 69.48 | OK | |
r-devel-linux-x86_64-debian-gcc | 1.0-4 | 6.93 | 44.54 | 51.47 | OK | |
r-devel-linux-x86_64-fedora-clang | 1.0-4 | 87.00 | NOTE | |||
r-devel-linux-x86_64-fedora-gcc | 1.0-4 | 83.55 | OK | |||
r-devel-windows-x86_64 | 1.0-4 | 11.00 | 70.00 | 81.00 | OK | |
r-patched-linux-x86_64 | 1.0-4 | 10.55 | 57.67 | 68.22 | OK | |
r-release-linux-x86_64 | 1.0-4 | 7.55 | 57.44 | 64.99 | OK | |
r-release-macos-arm64 | 1.0-4 | 28.00 | OK | |||
r-release-macos-x86_64 | 1.0-4 | 42.00 | OK | |||
r-release-windows-x86_64 | 1.0-4 | 12.00 | 72.00 | 84.00 | OK | |
r-oldrel-macos-arm64 | 1.0-4 | 29.00 | OK | |||
r-oldrel-macos-x86_64 | 1.0-4 | 47.00 | OK | |||
r-oldrel-windows-x86_64 | 1.0-4 | 13.00 | 79.00 | 92.00 | OK |
Version: 1.0-4
Check: Rd cross-references
Result: NOTE
Undeclared packages ‘sm’, ‘spdep’ in Rd xrefs
Flavor: r-devel-linux-x86_64-fedora-clang