Last updated on 2024-07-13 11:49:22 CEST.
Flavor | Version | Tinstall | Tcheck | Ttotal | Status | Flags |
---|---|---|---|---|---|---|
r-devel-linux-x86_64-debian-clang | 2.7-11 | 124.65 | 435.43 | 560.08 | OK | |
r-devel-linux-x86_64-debian-gcc | 2.7-11 | 92.04 | 313.81 | 405.85 | OK | |
r-devel-linux-x86_64-fedora-clang | 2.7-11 | 711.87 | NOTE | |||
r-devel-linux-x86_64-fedora-gcc | 2.7-11 | 707.43 | OK | |||
r-devel-windows-x86_64 | 2.7-11 | 96.00 | 362.00 | 458.00 | NOTE | |
r-patched-linux-x86_64 | 2.7-11 | 113.19 | 401.64 | 514.83 | OK | |
r-release-linux-x86_64 | 2.7-11 | 109.50 | 410.76 | 520.26 | OK | |
r-release-macos-arm64 | 2.7-11 | 174.00 | NOTE | |||
r-release-macos-x86_64 | 2.7-11 | 274.00 | NOTE | |||
r-release-windows-x86_64 | 2.7-11 | 101.00 | 363.00 | 464.00 | NOTE | |
r-oldrel-macos-arm64 | 2.7-11 | 202.00 | NOTE | |||
r-oldrel-macos-x86_64 | 2.7-11 | 454.00 | NOTE | |||
r-oldrel-windows-x86_64 | 2.7-11 | 128.00 | 446.00 | 574.00 | NOTE |
Version: 2.7-11
Check: installed package size
Result: NOTE
installed size is 5.4Mb
sub-directories of 1Mb or more:
data 2.1Mb
Flavors: r-devel-linux-x86_64-fedora-clang, r-devel-windows-x86_64, r-release-macos-arm64, r-release-macos-x86_64, r-release-windows-x86_64, r-oldrel-macos-arm64, r-oldrel-macos-x86_64, r-oldrel-windows-x86_64
Version: 2.7-11
Check: Rd cross-references
Result: NOTE
Undeclared packages ‘combinat’, ‘unifDAG’ in Rd xrefs
Flavor: r-devel-linux-x86_64-fedora-clang
Version: 2.7-11
Check: Rd cross-references
Result: NOTE
Found the following Rd file(s) with Rd \link{} targets missing package
anchors:
LINGAM.Rd: fastICA
amatType.Rd: graph-class
corGraph.Rd: graph-class
dag2essgraph.Rd: graphNEL-class
getGraph.Rd: graph-class, graphAM-class
opt.target.Rd: graphNEL-class
pcAlgo-class.Rd: graph-class
randDAG.Rd: igraph
Please provide package anchors for all Rd \link{} targets not in the
package itself and the base packages.
Flavor: r-devel-windows-x86_64