Last updated on 2024-06-27 16:49:11 CEST.
Flavor | Version | Tinstall | Tcheck | Ttotal | Status | Flags |
---|---|---|---|---|---|---|
r-devel-linux-x86_64-debian-clang | 0.5-1 | OK | ||||
r-devel-linux-x86_64-debian-gcc | 0.5-1 | 16.81 | 74.42 | 91.23 | OK | |
r-devel-linux-x86_64-fedora-clang | 0.5-1 | 156.45 | WARN | |||
r-devel-linux-x86_64-fedora-gcc | 0.5-1 | 161.34 | WARN | |||
r-devel-windows-x86_64 | 0.5-1 | 60.00 | 126.00 | 186.00 | OK | |
r-patched-linux-x86_64 | 0.5-1 | 19.69 | 92.67 | 112.36 | OK | |
r-release-linux-x86_64 | 0.5-1 | 19.47 | 93.25 | 112.72 | OK | |
r-release-macos-arm64 | 0.5-1 | 11.00 | ERROR | |||
r-release-macos-x86_64 | 0.5-1 | 40.00 | ERROR | |||
r-release-windows-x86_64 | 0.5-1 | 61.00 | 128.00 | 189.00 | OK | |
r-oldrel-macos-arm64 | 0.5-1 | 17.00 | ERROR | |||
r-oldrel-macos-x86_64 | 0.5-1 | 26.00 | ERROR | |||
r-oldrel-windows-x86_64 | 0.5-1 | 59.00 | 147.00 | 206.00 | OK |
Version: 0.5-1
Check: whether the namespace can be unloaded cleanly
Result: WARN
---- unloading
Flavors: r-devel-linux-x86_64-fedora-clang, r-devel-linux-x86_64-fedora-gcc
Version: 0.5-1
Check: whether package can be installed
Result: ERROR
Installation failed.
Flavors: r-release-macos-arm64, r-release-macos-x86_64, r-oldrel-macos-arm64, r-oldrel-macos-x86_64