Last updated on 2024-06-27 16:49:11 CEST.
Flavor | Version | Tinstall | Tcheck | Ttotal | Status | Flags |
---|---|---|---|---|---|---|
r-devel-linux-x86_64-debian-clang | 0.6.1 | OK | ||||
r-devel-linux-x86_64-debian-gcc | 0.6.1 | 127.18 | 280.08 | 407.26 | OK | |
r-devel-linux-x86_64-fedora-clang | 0.6.1 | 688.53 | NOTE | |||
r-devel-linux-x86_64-fedora-gcc | 0.6.1 | 637.98 | OK | |||
r-devel-windows-x86_64 | 0.6.1 | 129.00 | 477.00 | 606.00 | NOTE | |
r-patched-linux-x86_64 | 0.6.1 | 165.37 | 368.44 | 533.81 | OK | |
r-release-linux-x86_64 | 0.6.1 | 140.61 | 372.92 | 513.53 | OK | |
r-release-macos-arm64 | 0.6.1 | 163.00 | NOTE | |||
r-release-macos-x86_64 | 0.6.1 | 250.00 | NOTE | |||
r-release-windows-x86_64 | 0.6.1 | 132.00 | 484.00 | 616.00 | NOTE | |
r-oldrel-macos-arm64 | 0.6.1 | 158.00 | NOTE | |||
r-oldrel-macos-x86_64 | 0.6.1 | 293.00 | NOTE | |||
r-oldrel-windows-x86_64 | 0.6.1 | 174.00 | 542.00 | 716.00 | NOTE |
Version: 0.6.1
Check: installed package size
Result: NOTE
installed size is 6.5Mb
sub-directories of 1Mb or more:
R 2.8Mb
help 3.5Mb
Flavors: r-devel-linux-x86_64-fedora-clang, r-devel-windows-x86_64, r-release-macos-arm64, r-release-macos-x86_64, r-release-windows-x86_64, r-oldrel-macos-arm64, r-oldrel-macos-x86_64, r-oldrel-windows-x86_64