Last updated on 2024-06-27 16:49:11 CEST.
Flavor | Version | Tinstall | Tcheck | Ttotal | Status | Flags |
---|---|---|---|---|---|---|
r-devel-linux-x86_64-debian-clang | 0.6.1 | OK | ||||
r-devel-linux-x86_64-debian-gcc | 0.6.1 | 129.69 | 262.21 | 391.90 | OK | |
r-devel-linux-x86_64-fedora-clang | 0.6.1 | 651.62 | NOTE | |||
r-devel-linux-x86_64-fedora-gcc | 0.6.1 | 607.66 | OK | |||
r-devel-windows-x86_64 | 0.6.1 | 124.00 | 433.00 | 557.00 | NOTE | |
r-patched-linux-x86_64 | 0.6.1 | 162.86 | 340.33 | 503.19 | OK | |
r-release-linux-x86_64 | 0.6.1 | 136.55 | 350.87 | 487.42 | OK | |
r-release-macos-arm64 | 0.6.1 | 146.00 | NOTE | |||
r-release-macos-x86_64 | 0.6.1 | 237.00 | NOTE | |||
r-release-windows-x86_64 | 0.6.1 | 124.00 | 441.00 | 565.00 | NOTE | |
r-oldrel-macos-arm64 | 0.6.1 | 143.00 | NOTE | |||
r-oldrel-macos-x86_64 | 0.6.1 | 273.00 | NOTE | |||
r-oldrel-windows-x86_64 | 0.6.1 | 162.00 | 499.00 | 661.00 | NOTE |
Version: 0.6.1
Check: installed package size
Result: NOTE
installed size is 6.6Mb
sub-directories of 1Mb or more:
R 3.0Mb
help 3.4Mb
Flavors: r-devel-linux-x86_64-fedora-clang, r-devel-windows-x86_64, r-release-macos-arm64, r-release-macos-x86_64, r-release-windows-x86_64, r-oldrel-macos-arm64, r-oldrel-macos-x86_64, r-oldrel-windows-x86_64