Last updated on 2024-06-27 16:49:11 CEST.
Flavor | Version | Tinstall | Tcheck | Ttotal | Status | Flags |
---|---|---|---|---|---|---|
r-devel-linux-x86_64-debian-clang | 2.9.0 | OK | ||||
r-devel-linux-x86_64-debian-gcc | 2.9.0 | 14.09 | 175.62 | 189.71 | OK | |
r-devel-linux-x86_64-fedora-clang | 2.9.0 | 334.73 | NOTE | |||
r-devel-linux-x86_64-fedora-gcc | 2.9.0 | 326.00 | OK | |||
r-devel-windows-x86_64 | 2.9.0 | 14.00 | 175.00 | 189.00 | OK | |
r-patched-linux-x86_64 | 2.9.0 | 21.95 | 242.19 | 264.14 | OK | |
r-release-linux-x86_64 | 2.9.0 | 18.99 | 243.51 | 262.50 | OK | |
r-release-macos-arm64 | 2.9.0 | 138.00 | OK | |||
r-release-macos-x86_64 | 2.9.0 | 144.00 | OK | |||
r-release-windows-x86_64 | 2.9.0 | 14.00 | 172.00 | 186.00 | OK | |
r-oldrel-macos-arm64 | 2.9.0 | 81.00 | OK | |||
r-oldrel-macos-x86_64 | 2.9.0 | 254.00 | OK | |||
r-oldrel-windows-x86_64 | 2.9.0 | 17.00 | 213.00 | 230.00 | OK |
Version: 2.9.0
Check: Rd cross-references
Result: NOTE
Undeclared package ‘future’ in Rd xrefs
Flavor: r-devel-linux-x86_64-fedora-clang