Last updated on 2024-07-13 05:49:21 CEST.
Flavor | Version | Tinstall | Tcheck | Ttotal | Status | Flags |
---|---|---|---|---|---|---|
r-devel-linux-x86_64-debian-clang | 0.1.3 | 19.14 | 183.54 | 202.68 | OK | |
r-devel-linux-x86_64-debian-gcc | 0.1.3 | 16.55 | 135.52 | 152.07 | OK | |
r-devel-linux-x86_64-fedora-clang | 0.1.3 | 248.36 | NOTE | |||
r-devel-linux-x86_64-fedora-gcc | 0.1.3 | 258.65 | NOTE | |||
r-devel-windows-x86_64 | 0.1.3 | 19.00 | 136.00 | 155.00 | OK | |
r-patched-linux-x86_64 | 0.1.3 | 18.35 | 171.42 | 189.77 | OK | |
r-release-linux-x86_64 | 0.1.3 | 16.05 | 170.23 | 186.28 | OK | |
r-release-macos-arm64 | 0.1.3 | 70.00 | OK | |||
r-release-macos-x86_64 | 0.1.3 | 110.00 | OK | |||
r-release-windows-x86_64 | 0.1.3 | 18.00 | 135.00 | 153.00 | OK | |
r-oldrel-macos-arm64 | 0.1.3 | 73.00 | OK | |||
r-oldrel-macos-x86_64 | 0.1.3 | 125.00 | OK | |||
r-oldrel-windows-x86_64 | 0.1.3 | 23.00 | 164.00 | 187.00 | OK |
Version: 0.1.3
Check: dependencies in R code
Result: NOTE
Namespaces in Imports field not imported from:
‘clusterProfiler’ ‘purrr’
All declared Imports should be used.
Flavors: r-devel-linux-x86_64-fedora-clang, r-devel-linux-x86_64-fedora-gcc