Last updated on 2024-07-13 05:49:21 CEST.
Flavor | Version | Tinstall | Tcheck | Ttotal | Status | Flags |
---|---|---|---|---|---|---|
r-devel-linux-x86_64-debian-clang | 0.1-4 | 3.57 | 29.96 | 33.53 | OK | |
r-devel-linux-x86_64-debian-gcc | 0.1-4 | 2.52 | 22.93 | 25.45 | OK | |
r-devel-linux-x86_64-fedora-clang | 0.1-4 | 41.02 | OK | |||
r-devel-linux-x86_64-fedora-gcc | 0.1-4 | 42.84 | NOTE | |||
r-devel-windows-x86_64 | 0.1-4 | 4.00 | 44.00 | 48.00 | OK | |
r-patched-linux-x86_64 | 0.1-4 | 2.96 | 27.86 | 30.82 | OK | |
r-release-linux-x86_64 | 0.1-4 | 3.32 | 28.38 | 31.70 | OK | |
r-release-macos-arm64 | 0.1-4 | 18.00 | OK | |||
r-release-macos-x86_64 | 0.1-4 | 26.00 | OK | |||
r-release-windows-x86_64 | 0.1-4 | 4.00 | 45.00 | 49.00 | OK | |
r-oldrel-macos-arm64 | 0.1-4 | 21.00 | OK | |||
r-oldrel-macos-x86_64 | 0.1-4 | 24.00 | OK | |||
r-oldrel-windows-x86_64 | 0.1-4 | 4.00 | 45.00 | 49.00 | OK |
Version: 0.1-4
Check: for non-standard things in the check directory
Result: NOTE
Found the following files/directories:
‘Minimal-concordance.tex’ ‘Minimal.Rnw’ ‘Minimal.pdf’
‘Minimal.synctex.gz’ ‘Minimal.tex’ ‘figure’
Flavor: r-devel-linux-x86_64-fedora-gcc