Last updated on 2024-07-13 11:49:21 CEST.
Flavor | Version | Tinstall | Tcheck | Ttotal | Status | Flags |
---|---|---|---|---|---|---|
r-devel-linux-x86_64-debian-clang | 1.0.1 | 10.44 | 151.41 | 161.85 | OK | |
r-devel-linux-x86_64-debian-gcc | 1.0.1 | 7.92 | 108.18 | 116.10 | OK | |
r-devel-linux-x86_64-fedora-clang | 1.0.1 | 202.60 | OK | |||
r-devel-linux-x86_64-fedora-gcc | 1.0.1 | 195.11 | OK | |||
r-devel-windows-x86_64 | 1.0.1 | 14.00 | 133.00 | 147.00 | OK | |
r-patched-linux-x86_64 | 1.0.1 | 11.15 | 145.62 | 156.77 | OK | |
r-release-linux-x86_64 | 1.0.0 | 9.11 | 172.43 | 181.54 | OK | |
r-release-macos-arm64 | 1.0.1 | 77.00 | OK | |||
r-release-macos-x86_64 | 1.0.1 | 155.00 | OK | |||
r-release-windows-x86_64 | 1.0.1 | 11.00 | 132.00 | 143.00 | OK | |
r-oldrel-macos-arm64 | 1.0.1 | 87.00 | ERROR | |||
r-oldrel-macos-x86_64 | 1.0.1 | 132.00 | ERROR | |||
r-oldrel-windows-x86_64 | 1.0.1 | 13.00 | 150.00 | 163.00 | OK |
Version: 1.0.1
Check: running R code from vignettes
Result: ERROR
Errors in running code in vignettes:
when running code in ‘indepth.Rmd’
...
$y
[1] 2.5
> ps1$values$x = 1.5
When sourcing ‘indepth.R’:
Error: Assertion on 'xs' failed: x: Must be of type 'single integerish value', not 'double'.
Execution halted
‘indepth.Rmd’ using ‘UTF-8’... failed
Flavors: r-oldrel-macos-arm64, r-oldrel-macos-x86_64