Last updated on 2024-06-27 16:49:11 CEST.
Flavor | Version | Tinstall | Tcheck | Ttotal | Status | Flags |
---|---|---|---|---|---|---|
r-devel-linux-x86_64-debian-clang | 0.1.0 | NOTE | ||||
r-devel-linux-x86_64-debian-gcc | 0.1.0 | 6.21 | 52.30 | 58.51 | NOTE | |
r-devel-linux-x86_64-fedora-clang | 0.1.0 | 98.63 | NOTE | |||
r-devel-linux-x86_64-fedora-gcc | 0.1.0 | 92.43 | NOTE | |||
r-devel-windows-x86_64 | 0.1.0 | 9.00 | 69.00 | 78.00 | NOTE | |
r-patched-linux-x86_64 | 0.1.0 | 10.59 | 67.62 | 78.21 | NOTE | |
r-release-linux-x86_64 | 0.1.0 | 5.48 | 68.31 | 73.79 | NOTE | |
r-release-macos-arm64 | 0.1.0 | 30.00 | NOTE | |||
r-release-macos-x86_64 | 0.1.0 | 43.00 | NOTE | |||
r-release-windows-x86_64 | 0.1.0 | 11.00 | 69.00 | 80.00 | NOTE | |
r-oldrel-macos-arm64 | 0.1.0 | 31.00 | OK | |||
r-oldrel-macos-x86_64 | 0.1.0 | 45.00 | OK | |||
r-oldrel-windows-x86_64 | 0.1.0 | 12.00 | 83.00 | 95.00 | OK |
Version: 0.1.0
Check: Rd files
Result: NOTE
checkRd: (-1) agreement.Rd:52: Lost braces in \itemize; meant \describe ?
checkRd: (-1) agreement.Rd:53-54: Lost braces in \itemize; meant \describe ?
checkRd: (-1) agreement.Rd:55: Lost braces in \itemize; meant \describe ?
checkRd: (-1) agreement.Rd:56: Lost braces in \itemize; meant \describe ?
checkRd: (-1) agreement.Rd:57: Lost braces in \itemize; meant \describe ?
checkRd: (-1) agreement.Rd:58: Lost braces in \itemize; meant \describe ?
checkRd: (-1) papciUI.Rd:33: Lost braces in \itemize; meant \describe ?
checkRd: (-1) papciUI.Rd:34-35: Lost braces in \itemize; meant \describe ?
checkRd: (-1) papciUI.Rd:36: Lost braces in \itemize; meant \describe ?
checkRd: (-1) papciUI.Rd:37: Lost braces in \itemize; meant \describe ?
checkRd: (-1) papciUI.Rd:38: Lost braces in \itemize; meant \describe ?
checkRd: (-1) papciUI.Rd:39: Lost braces in \itemize; meant \describe ?
Flavors: r-devel-linux-x86_64-debian-clang, r-devel-linux-x86_64-debian-gcc, r-devel-linux-x86_64-fedora-clang, r-devel-linux-x86_64-fedora-gcc, r-devel-windows-x86_64, r-patched-linux-x86_64, r-release-linux-x86_64, r-release-macos-arm64, r-release-macos-x86_64, r-release-windows-x86_64
Version: 0.1.0
Check: dependencies in R code
Result: NOTE
Namespace in Imports field not imported from: ‘DT’
All declared Imports should be used.
Flavors: r-devel-linux-x86_64-fedora-clang, r-devel-linux-x86_64-fedora-gcc