Last updated on 2024-07-13 05:49:21 CEST.
Flavor | Version | Tinstall | Tcheck | Ttotal | Status | Flags |
---|---|---|---|---|---|---|
r-devel-linux-x86_64-debian-clang | 1.2.13 | 17.04 | 158.54 | 175.58 | NOTE | |
r-devel-linux-x86_64-debian-gcc | 1.2.13 | 11.90 | 122.06 | 133.96 | NOTE | |
r-devel-linux-x86_64-fedora-clang | 1.2.13 | 224.08 | NOTE | |||
r-devel-linux-x86_64-fedora-gcc | 1.2.13 | 216.54 | NOTE | |||
r-devel-windows-x86_64 | 1.2.13 | 14.00 | 141.00 | 155.00 | NOTE | |
r-patched-linux-x86_64 | 1.2.13 | 9.23 | 159.68 | 168.91 | NOTE | |
r-release-linux-x86_64 | 1.2.13 | 10.57 | 152.63 | 163.20 | NOTE | |
r-release-macos-arm64 | 1.2.13 | 64.00 | NOTE | |||
r-release-macos-x86_64 | 1.2.13 | 89.00 | NOTE | |||
r-release-windows-x86_64 | 1.2.13 | 14.00 | 144.00 | 158.00 | NOTE | |
r-oldrel-macos-arm64 | 1.2.13 | 73.00 | NOTE | |||
r-oldrel-macos-x86_64 | 1.2.13 | 116.00 | NOTE | |||
r-oldrel-windows-x86_64 | 1.2.13 | 20.00 | 172.00 | 192.00 | NOTE |
Version: 1.2.13
Check: LazyData
Result: NOTE
'LazyData' is specified without a 'data' directory
Flavors: r-devel-linux-x86_64-debian-clang, r-devel-linux-x86_64-debian-gcc, r-devel-linux-x86_64-fedora-clang, r-devel-linux-x86_64-fedora-gcc, r-devel-windows-x86_64, r-patched-linux-x86_64, r-release-linux-x86_64, r-release-macos-arm64, r-release-macos-x86_64, r-release-windows-x86_64, r-oldrel-macos-arm64, r-oldrel-macos-x86_64, r-oldrel-windows-x86_64