Last updated on 2024-06-27 16:49:11 CEST.
Flavor | Version | Tinstall | Tcheck | Ttotal | Status | Flags |
---|---|---|---|---|---|---|
r-devel-linux-x86_64-debian-clang | 0.4-0 | NOTE | ||||
r-devel-linux-x86_64-debian-gcc | 0.4-0 | 1.88 | 25.42 | 27.30 | NOTE | |
r-devel-linux-x86_64-fedora-clang | 0.4-0 | 45.78 | NOTE | |||
r-devel-linux-x86_64-fedora-gcc | 0.4-0 | 54.71 | NOTE | |||
r-devel-windows-x86_64 | 0.4-0 | 4.00 | 46.00 | 50.00 | NOTE | |
r-patched-linux-x86_64 | 0.4-0 | 4.53 | 31.87 | 36.40 | NOTE | |
r-release-linux-x86_64 | 0.4-0 | 2.39 | 32.26 | 34.65 | NOTE | |
r-release-macos-arm64 | 0.4-0 | 22.00 | NOTE | |||
r-release-macos-x86_64 | 0.4-0 | 33.00 | NOTE | |||
r-release-windows-x86_64 | 0.4-0 | 2.00 | 48.00 | 50.00 | NOTE | |
r-oldrel-macos-arm64 | 0.4-0 | 24.00 | NOTE | |||
r-oldrel-macos-x86_64 | 0.4-0 | 35.00 | NOTE | |||
r-oldrel-windows-x86_64 | 0.4-0 | 3.00 | 50.00 | 53.00 | NOTE |
Version: 0.4-0
Check: LazyData
Result: NOTE
'LazyData' is specified without a 'data' directory
Flavors: r-devel-linux-x86_64-debian-clang, r-devel-linux-x86_64-debian-gcc, r-devel-linux-x86_64-fedora-clang, r-devel-linux-x86_64-fedora-gcc, r-devel-windows-x86_64, r-patched-linux-x86_64, r-release-linux-x86_64, r-release-macos-arm64, r-release-macos-x86_64, r-release-windows-x86_64, r-oldrel-macos-arm64, r-oldrel-macos-x86_64, r-oldrel-windows-x86_64