Last updated on 2024-07-13 05:49:21 CEST.
Flavor | Version | Tinstall | Tcheck | Ttotal | Status | Flags |
---|---|---|---|---|---|---|
r-devel-linux-x86_64-debian-clang | 1.2.1 | 7.76 | 61.85 | 69.61 | OK | |
r-devel-linux-x86_64-debian-gcc | 1.2.1 | 6.85 | 45.66 | 52.51 | OK | |
r-devel-linux-x86_64-fedora-clang | 1.2.1 | 89.38 | OK | |||
r-devel-linux-x86_64-fedora-gcc | 1.2.1 | 98.40 | OK | |||
r-devel-windows-x86_64 | 1.2.1 | 9.00 | 72.00 | 81.00 | NOTE | |
r-patched-linux-x86_64 | 1.2.1 | 16.30 | 58.79 | 75.09 | OK | |
r-release-linux-x86_64 | 1.2.1 | 5.22 | 58.24 | 63.46 | OK | |
r-release-macos-arm64 | 1.2.1 | 30.00 | OK | |||
r-release-macos-x86_64 | 1.2.1 | 49.00 | OK | |||
r-release-windows-x86_64 | 1.2.1 | 9.00 | 72.00 | 81.00 | OK | |
r-oldrel-macos-arm64 | 1.2.1 | 38.00 | OK | |||
r-oldrel-macos-x86_64 | 1.2.1 | 69.00 | OK | |||
r-oldrel-windows-x86_64 | 1.2.1 | 11.00 | 81.00 | 92.00 | OK |
Version: 1.2.1
Check: Rd cross-references
Result: NOTE
Found the following Rd file(s) with Rd \link{} targets missing package
anchors:
authorize.Rd: oauth2.0_token
Please provide package anchors for all Rd \link{} targets not in the
package itself and the base packages.
Flavor: r-devel-windows-x86_64