Last updated on 2024-06-27 16:49:11 CEST.
Flavor | Version | Tinstall | Tcheck | Ttotal | Status | Flags |
---|---|---|---|---|---|---|
r-devel-linux-x86_64-debian-clang | 0.11.4 | OK | ||||
r-devel-linux-x86_64-debian-gcc | 0.11.4 | 15.67 | 96.20 | 111.87 | OK | |
r-devel-linux-x86_64-fedora-clang | 0.11.4 | 201.79 | NOTE | |||
r-devel-linux-x86_64-fedora-gcc | 0.11.4 | 188.19 | OK | |||
r-devel-windows-x86_64 | 0.11.4 | 17.00 | 128.00 | 145.00 | NOTE | |
r-patched-linux-x86_64 | 0.11.4 | 20.87 | 123.45 | 144.32 | OK | |
r-release-linux-x86_64 | 0.11.4 | 19.49 | 124.67 | 144.16 | OK | |
r-release-macos-arm64 | 0.11.4 | 44.00 | NOTE | |||
r-release-macos-x86_64 | 0.11.4 | 86.00 | NOTE | |||
r-release-windows-x86_64 | 0.11.4 | 18.00 | 129.00 | 147.00 | NOTE | |
r-oldrel-macos-arm64 | 0.11.4 | 51.00 | NOTE | |||
r-oldrel-macos-x86_64 | 0.11.4 | 90.00 | NOTE | |||
r-oldrel-windows-x86_64 | 0.11.4 | 20.00 | 155.00 | 175.00 | NOTE |
Version: 0.11.4
Check: installed package size
Result: NOTE
installed size is 6.7Mb
sub-directories of 1Mb or more:
R 1.0Mb
nifti 3.8Mb
Flavors: r-devel-linux-x86_64-fedora-clang, r-devel-windows-x86_64, r-release-macos-arm64, r-release-macos-x86_64, r-release-windows-x86_64, r-oldrel-macos-arm64, r-oldrel-macos-x86_64, r-oldrel-windows-x86_64