Last updated on 2024-06-27 16:49:10 CEST.
Flavor | Version | Tinstall | Tcheck | Ttotal | Status | Flags |
---|---|---|---|---|---|---|
r-devel-linux-x86_64-debian-clang | 1.7 | NOTE | ||||
r-devel-linux-x86_64-debian-gcc | 1.7 | 94.35 | 246.99 | 341.34 | NOTE | |
r-devel-linux-x86_64-fedora-clang | 1.7 | 569.81 | NOTE | |||
r-devel-linux-x86_64-fedora-gcc | 1.7 | 634.62 | NOTE | |||
r-devel-windows-x86_64 | 1.7 | 87.00 | 252.00 | 339.00 | NOTE | |
r-patched-linux-x86_64 | 1.7 | 111.87 | 318.65 | 430.52 | OK | |
r-release-linux-x86_64 | 1.7 | 111.48 | 330.02 | 441.50 | OK | |
r-release-macos-arm64 | 1.7 | 138.00 | NOTE | |||
r-release-macos-x86_64 | 1.7 | 314.00 | NOTE | |||
r-release-windows-x86_64 | 1.7 | 92.00 | 258.00 | 350.00 | NOTE | |
r-oldrel-macos-arm64 | 1.7 | 136.00 | NOTE | |||
r-oldrel-macos-x86_64 | 1.7 | 409.00 | NOTE | |||
r-oldrel-windows-x86_64 | 1.7 | 89.00 | 320.00 | 409.00 | NOTE |
Version: 1.7
Check: compiled code
Result: NOTE
File ‘openxlsx2/libs/openxlsx2.so’:
Found non-API call to R: ‘STRING_PTR’
Compiled code should not call non-API entry points in R.
See ‘Writing portable packages’ in the ‘Writing R Extensions’ manual.
Flavors: r-devel-linux-x86_64-debian-clang, r-devel-linux-x86_64-fedora-clang, r-devel-linux-x86_64-fedora-gcc
Version: 1.7
Check: compiled code
Result: NOTE
File ‘openxlsx2/libs/openxlsx2.so’:
Found non-API call to R: ‘STRING_PTR’
Compiled code should not call non-API entry points in R.
See ‘Writing portable packages’ in the ‘Writing R Extensions’ manual.
See section ‘Moving into C API compliance’ in the ‘Writing R
Extensions’ manual for issues with use of non-API entry points.
Flavor: r-devel-linux-x86_64-debian-gcc
Version: 1.7
Check: installed package size
Result: NOTE
installed size is 5.1Mb
sub-directories of 1Mb or more:
doc 1.6Mb
libs 1.1Mb
Flavors: r-devel-linux-x86_64-fedora-clang, r-devel-windows-x86_64, r-release-macos-arm64, r-release-macos-x86_64, r-release-windows-x86_64, r-oldrel-macos-arm64, r-oldrel-macos-x86_64, r-oldrel-windows-x86_64
Version: 1.7
Check: compiled code
Result: NOTE
File 'openxlsx2/libs/x64/openxlsx2.dll':
Found non-API call to R: 'STRING_PTR'
Compiled code should not call non-API entry points in R.
See 'Writing portable packages' in the 'Writing R Extensions' manual.
Flavor: r-devel-windows-x86_64