Last updated on 2024-07-13 11:49:21 CEST.
Flavor | Version | Tinstall | Tcheck | Ttotal | Status | Flags |
---|---|---|---|---|---|---|
r-devel-linux-x86_64-debian-clang | 0.4 | 19.85 | 151.32 | 171.17 | OK | |
r-devel-linux-x86_64-debian-gcc | 0.4 | 12.84 | 112.50 | 125.34 | OK | |
r-devel-linux-x86_64-fedora-clang | 0.4 | 211.33 | OK | |||
r-devel-linux-x86_64-fedora-gcc | 0.4 | 197.98 | OK | |||
r-devel-windows-x86_64 | 0.4 | 16.00 | 115.00 | 131.00 | OK | |
r-patched-linux-x86_64 | 0.4 | 16.11 | 142.51 | 158.62 | OK | |
r-release-linux-x86_64 | 0.4 | 11.81 | 144.71 | 156.52 | OK | |
r-release-macos-arm64 | 0.4 | 4.00 | ERROR | |||
r-release-macos-x86_64 | 0.4 | 6.00 | ERROR | |||
r-release-windows-x86_64 | 0.4 | 16.00 | 118.00 | 134.00 | OK | |
r-oldrel-macos-arm64 | 0.4 | 11.00 | ERROR | |||
r-oldrel-macos-x86_64 | 0.4 | 12.00 | ERROR | |||
r-oldrel-windows-x86_64 | 0.4 | 22.00 | 141.00 | 163.00 | OK |
Version: 0.4
Check: package dependencies
Result: ERROR
Package required but not available: ‘mixAK’
See section ‘The DESCRIPTION file’ in the ‘Writing R Extensions’
manual.
Flavors: r-release-macos-arm64, r-release-macos-x86_64, r-oldrel-macos-arm64, r-oldrel-macos-x86_64