Last updated on 2024-06-27 16:49:10 CEST.
Flavor | Version | Tinstall | Tcheck | Ttotal | Status | Flags |
---|---|---|---|---|---|---|
r-devel-linux-x86_64-debian-clang | 1.8-2 | OK | ||||
r-devel-linux-x86_64-debian-gcc | 1.8-2 | 206.14 | 509.79 | 715.93 | OK | |
r-devel-linux-x86_64-fedora-clang | 1.8-2 | 1433.33 | NOTE | |||
r-devel-linux-x86_64-fedora-gcc | 1.8-2 | 1318.69 | OK | |||
r-devel-windows-x86_64 | 1.8-2 | 234.00 | 652.00 | 886.00 | NOTE | |
r-patched-linux-x86_64 | 1.8-2 | 289.07 | 674.49 | 963.56 | OK | |
r-release-linux-x86_64 | 1.8-2 | 231.31 | 683.47 | 914.78 | OK | |
r-release-macos-arm64 | 1.8-2 | 267.00 | NOTE | |||
r-release-macos-x86_64 | 1.8-2 | 414.00 | NOTE | |||
r-release-windows-x86_64 | 1.8-2 | 240.00 | 653.00 | 893.00 | NOTE | |
r-oldrel-macos-arm64 | 1.8-2 | 286.00 | NOTE | |||
r-oldrel-macos-x86_64 | 1.8-2 | 699.00 | NOTE | |||
r-oldrel-windows-x86_64 | 1.8-2 | 293.00 | 811.00 | 1104.00 | NOTE |
Version: 1.8-2
Check: installed package size
Result: NOTE
installed size is 9.7Mb
sub-directories of 1Mb or more:
R 2.7Mb
data 1.0Mb
doc 1.7Mb
help 3.2Mb
Flavors: r-devel-linux-x86_64-fedora-clang, r-devel-windows-x86_64, r-release-macos-arm64, r-release-macos-x86_64, r-release-windows-x86_64, r-oldrel-macos-arm64, r-oldrel-macos-x86_64, r-oldrel-windows-x86_64