Last updated on 2024-06-27 16:49:10 CEST.
Flavor | Version | Tinstall | Tcheck | Ttotal | Status | Flags |
---|---|---|---|---|---|---|
r-devel-linux-x86_64-debian-clang | 1.1 | NOTE | ||||
r-devel-linux-x86_64-debian-gcc | 1.1 | 2.52 | 28.27 | 30.79 | NOTE | |
r-devel-linux-x86_64-fedora-clang | 1.1 | 49.32 | NOTE | |||
r-devel-linux-x86_64-fedora-gcc | 1.1 | 47.38 | NOTE | |||
r-devel-windows-x86_64 | 1.1 | 4.00 | 58.00 | 62.00 | NOTE | |
r-patched-linux-x86_64 | 1.1 | 3.95 | 36.34 | 40.29 | NOTE | |
r-release-linux-x86_64 | 1.1 | 3.78 | 35.65 | 39.43 | NOTE | |
r-release-macos-arm64 | 1.1 | 19.00 | NOTE | |||
r-release-macos-x86_64 | 1.1 | 28.00 | NOTE | |||
r-release-windows-x86_64 | 1.1 | 3.00 | 57.00 | 60.00 | NOTE | |
r-oldrel-macos-arm64 | 1.1 | 21.00 | OK | |||
r-oldrel-macos-x86_64 | 1.1 | 28.00 | OK | |||
r-oldrel-windows-x86_64 | 1.1 | 4.00 | 59.00 | 63.00 | OK |
Version: 1.1
Check: Rd files
Result: NOTE
checkRd: (-1) ChangepointDetector.Rd:93: Lost braces; missing escapes or markup?
93 | \code{'sparse'}, then only (S^{diag}, S^{off,d})
| ^
checkRd: (-1) ChangepointDetector.Rd:93: Lost braces; missing escapes or markup?
93 | \code{'sparse'}, then only (S^{diag}, S^{off,d})
| ^
checkRd: (-1) ChangepointDetector.Rd:94: Lost braces; missing escapes or markup?
94 | and (S^{diag}, S^{off,s}) are included in \code{stat} respectively.);
| ^
checkRd: (-1) ChangepointDetector.Rd:94: Lost braces; missing escapes or markup?
94 | and (S^{diag}, S^{off,s}) are included in \code{stat} respectively.);
| ^
Flavors: r-devel-linux-x86_64-debian-clang, r-devel-linux-x86_64-debian-gcc, r-devel-linux-x86_64-fedora-clang, r-devel-linux-x86_64-fedora-gcc, r-devel-windows-x86_64, r-patched-linux-x86_64, r-release-linux-x86_64, r-release-macos-arm64, r-release-macos-x86_64, r-release-windows-x86_64