Last updated on 2024-07-13 05:49:21 CEST.
Flavor | Version | Tinstall | Tcheck | Ttotal | Status | Flags |
---|---|---|---|---|---|---|
r-devel-linux-x86_64-debian-clang | 0.1-1 | 17.87 | 196.80 | 214.67 | OK | |
r-devel-linux-x86_64-debian-gcc | 0.1-1 | 14.50 | 143.89 | 158.39 | OK | |
r-devel-linux-x86_64-fedora-clang | 0.1-1 | 271.35 | OK | |||
r-devel-linux-x86_64-fedora-gcc | 0.1-1 | 270.78 | OK | |||
r-devel-windows-x86_64 | 0.1-1 | 20.00 | 189.00 | 209.00 | NOTE | |
r-patched-linux-x86_64 | 0.1-1 | 21.32 | 192.91 | 214.23 | OK | |
r-release-linux-x86_64 | 0.1-1 | 17.49 | 186.92 | 204.41 | OK | |
r-release-macos-arm64 | 0.1-1 | 76.00 | OK | |||
r-release-macos-x86_64 | 0.1-1 | 144.00 | OK | |||
r-release-windows-x86_64 | 0.1-1 | 19.00 | 189.00 | 208.00 | OK | |
r-oldrel-macos-arm64 | 0.1-1 | 88.00 | OK | |||
r-oldrel-macos-x86_64 | 0.1-1 | 181.00 | OK | |||
r-oldrel-windows-x86_64 | 0.1-1 | 24.00 | 218.00 | 242.00 | OK |
Version: 0.1-1
Check: Rd cross-references
Result: NOTE
Found the following Rd file(s) with Rd \link{} targets missing package
anchors:
qqplot_maha.Rd: ad.test
Please provide package anchors for all Rd \link{} targets not in the
package itself and the base packages.
Flavor: r-devel-windows-x86_64