Last updated on 2024-06-27 16:49:10 CEST.
Flavor | Version | Tinstall | Tcheck | Ttotal | Status | Flags |
---|---|---|---|---|---|---|
r-devel-linux-x86_64-debian-clang | 2.8 | OK | ||||
r-devel-linux-x86_64-debian-gcc | 2.8 | 26.48 | 68.89 | 95.37 | OK | |
r-devel-linux-x86_64-fedora-clang | 2.8 | 167.27 | NOTE | |||
r-devel-linux-x86_64-fedora-gcc | 2.8 | 158.13 | OK | |||
r-devel-windows-x86_64 | 2.8 | 36.00 | 95.00 | 131.00 | OK | |
r-patched-linux-x86_64 | 2.8 | 32.88 | 91.84 | 124.72 | OK | |
r-release-linux-x86_64 | 2.8 | 29.02 | 95.57 | 124.59 | OK | |
r-release-macos-arm64 | 2.8 | 45.00 | OK | |||
r-release-macos-x86_64 | 2.8 | 83.00 | OK | |||
r-release-windows-x86_64 | 2.8 | 35.00 | 92.00 | 127.00 | OK | |
r-oldrel-macos-arm64 | 2.8 | 49.00 | OK | |||
r-oldrel-macos-x86_64 | 2.8 | 117.00 | OK | |||
r-oldrel-windows-x86_64 | 2.8 | 38.00 | 109.00 | 147.00 | OK |
Version: 2.8
Check: installed package size
Result: NOTE
installed size is 10.9Mb
sub-directories of 1Mb or more:
libs 10.0Mb
Flavor: r-devel-linux-x86_64-fedora-clang