Last updated on 2024-07-13 05:49:20 CEST.
Flavor | Version | Tinstall | Tcheck | Ttotal | Status | Flags |
---|---|---|---|---|---|---|
r-devel-linux-x86_64-debian-clang | 0.3.2 | 8.13 | 62.81 | 70.94 | OK | |
r-devel-linux-x86_64-debian-gcc | 0.3.2 | 5.11 | 47.11 | 52.22 | OK | |
r-devel-linux-x86_64-fedora-clang | 0.3.2 | 88.21 | NOTE | |||
r-devel-linux-x86_64-fedora-gcc | 0.3.2 | 95.22 | NOTE | |||
r-devel-windows-x86_64 | 0.3.2 | 8.00 | 67.00 | 75.00 | OK | |
r-patched-linux-x86_64 | 0.3.2 | 5.93 | 59.67 | 65.60 | OK | |
r-release-linux-x86_64 | 0.3.2 | 3.63 | 58.17 | 61.80 | OK | |
r-release-macos-arm64 | 0.3.2 | 41.00 | OK | |||
r-release-macos-x86_64 | 0.3.2 | 89.00 | OK | |||
r-release-windows-x86_64 | 0.3.2 | 8.00 | 69.00 | 77.00 | OK | |
r-oldrel-macos-arm64 | 0.3.2 | 38.00 | OK | |||
r-oldrel-macos-x86_64 | 0.3.2 | 56.00 | OK | |||
r-oldrel-windows-x86_64 | 0.3.2 | 8.00 | 77.00 | 85.00 | OK |
Version: 0.3.2
Check: data for non-ASCII characters
Result: NOTE
Note: found 4 marked UTF-8 strings
Flavors: r-devel-linux-x86_64-fedora-clang, r-devel-linux-x86_64-fedora-gcc