Last updated on 2024-06-27 16:49:10 CEST.
Flavor | Version | Tinstall | Tcheck | Ttotal | Status | Flags |
---|---|---|---|---|---|---|
r-devel-linux-x86_64-debian-clang | 0.1-2 | NOTE | ||||
r-devel-linux-x86_64-debian-gcc | 0.1-2 | 2372.01 | 460.26 | 2832.27 | NOTE | |
r-devel-linux-x86_64-fedora-clang | 0.1-2 | 3694.76 | NOTE | |||
r-devel-linux-x86_64-fedora-gcc | 0.1-2 | 5751.35 | NOTE | |||
r-devel-windows-x86_64 | 0.1-2 | 1998.00 | 453.00 | 2451.00 | NOTE | |
r-patched-linux-x86_64 | 0.1-2 | 1871.77 | 612.47 | 2484.24 | NOTE | |
r-release-linux-x86_64 | 0.1-2 | 2127.01 | 604.85 | 2731.86 | NOTE | |
r-release-macos-arm64 | 0.1-2 | 886.00 | NOTE | |||
r-release-macos-x86_64 | 0.1-2 | 702.00 | NOTE | |||
r-release-windows-x86_64 | 0.1-2 | 2049.00 | 472.00 | 2521.00 | NOTE | |
r-oldrel-macos-arm64 | 0.1-2 | 876.00 | NOTE | |||
r-oldrel-macos-x86_64 | 0.1-2 | 830.00 | NOTE | |||
r-oldrel-windows-x86_64 | 0.1-2 | 2703.00 | 578.00 | 3281.00 | NOTE |
Version: 0.1-2
Check: for GNU extensions in Makefiles
Result: NOTE
GNU make is a SystemRequirements.
Flavors: r-devel-linux-x86_64-debian-clang, r-devel-linux-x86_64-debian-gcc, r-devel-linux-x86_64-fedora-clang, r-devel-linux-x86_64-fedora-gcc, r-devel-windows-x86_64, r-patched-linux-x86_64, r-release-linux-x86_64, r-release-macos-arm64, r-release-macos-x86_64, r-release-windows-x86_64, r-oldrel-macos-arm64, r-oldrel-macos-x86_64, r-oldrel-windows-x86_64
Version: 0.1-2
Check: installed package size
Result: NOTE
installed size is 20.4Mb
sub-directories of 1Mb or more:
libs 19.6Mb
Flavors: r-devel-linux-x86_64-fedora-clang, r-devel-windows-x86_64, r-release-macos-arm64, r-release-macos-x86_64, r-release-windows-x86_64, r-oldrel-macos-arm64, r-oldrel-macos-x86_64, r-oldrel-windows-x86_64
Version: 0.1-2
Check: dependencies in R code
Result: NOTE
Namespaces in Imports field not imported from:
‘RcppParallel’ ‘rstantools’
All declared Imports should be used.
Flavors: r-devel-linux-x86_64-fedora-clang, r-devel-linux-x86_64-fedora-gcc