Last updated on 2024-06-27 16:49:10 CEST.
Flavor | Version | Tinstall | Tcheck | Ttotal | Status | Flags |
---|---|---|---|---|---|---|
r-devel-linux-x86_64-debian-clang | 0.7.0 | NOTE | ||||
r-devel-linux-x86_64-debian-gcc | 0.7.0 | 7.55 | 63.57 | 71.12 | NOTE | |
r-devel-linux-x86_64-fedora-clang | 0.7.0 | 116.98 | NOTE | |||
r-devel-linux-x86_64-fedora-gcc | 0.7.0 | 111.72 | NOTE | |||
r-devel-windows-x86_64 | 0.7.0 | 8.00 | 82.00 | 90.00 | NOTE | |
r-patched-linux-x86_64 | 0.7.0 | 13.42 | 81.35 | 94.77 | NOTE | |
r-release-linux-x86_64 | 0.7.0 | 9.26 | 80.37 | 89.63 | NOTE | |
r-release-macos-arm64 | 0.7.0 | 34.00 | NOTE | |||
r-release-macos-x86_64 | 0.7.0 | 92.00 | NOTE | |||
r-release-windows-x86_64 | 0.7.0 | 9.00 | 81.00 | 90.00 | NOTE | |
r-oldrel-macos-arm64 | 0.7.0 | 39.00 | OK | |||
r-oldrel-macos-x86_64 | 0.7.0 | 58.00 | OK | |||
r-oldrel-windows-x86_64 | 0.7.0 | 11.00 | 96.00 | 107.00 | OK |
Version: 0.7.0
Check: Rd files
Result: NOTE
checkRd: (-1) partial_correlation.Rd:26: Lost braces in \itemize; meant \describe ?
checkRd: (-1) partial_correlation.Rd:27: Lost braces in \itemize; meant \describe ?
checkRd: (-1) partial_correlation.Rd:28: Lost braces in \itemize; meant \describe ?
checkRd: (-1) partial_correlation.Rd:29: Lost braces in \itemize; meant \describe ?
Flavors: r-devel-linux-x86_64-debian-clang, r-devel-linux-x86_64-debian-gcc, r-devel-linux-x86_64-fedora-clang, r-devel-linux-x86_64-fedora-gcc, r-devel-windows-x86_64, r-patched-linux-x86_64, r-release-linux-x86_64, r-release-macos-arm64, r-release-macos-x86_64, r-release-windows-x86_64