Last updated on 2024-07-13 11:49:20 CEST.
Flavor | Version | Tinstall | Tcheck | Ttotal | Status | Flags |
---|---|---|---|---|---|---|
r-devel-linux-x86_64-debian-clang | 0.7.9 | 17.76 | 341.99 | 359.75 | OK | |
r-devel-linux-x86_64-debian-gcc | 0.7.9 | 16.23 | 251.65 | 267.88 | OK | |
r-devel-linux-x86_64-fedora-clang | 0.7.9 | 471.69 | OK | |||
r-devel-linux-x86_64-fedora-gcc | 0.7.9 | 280.39 | OK | |||
r-devel-windows-x86_64 | 0.7.9 | 18.00 | 274.00 | 292.00 | OK | |
r-patched-linux-x86_64 | 0.7.9 | 15.49 | 329.67 | 345.16 | NOTE | |
r-release-linux-x86_64 | 0.7.9 | 13.83 | 334.19 | 348.02 | OK | |
r-release-macos-arm64 | 0.7.9 | 136.00 | OK | |||
r-release-macos-x86_64 | 0.7.9 | 349.00 | OK | |||
r-release-windows-x86_64 | 0.7.9 | 18.00 | 279.00 | 297.00 | OK | |
r-oldrel-macos-arm64 | 0.7.9 | 176.00 | OK | |||
r-oldrel-macos-x86_64 | 0.7.9 | 387.00 | OK | |||
r-oldrel-windows-x86_64 | 0.7.9 | 25.00 | 401.00 | 426.00 | OK |
Version: 0.7.9
Check: package dependencies
Result: NOTE
Package suggested but not available for checking: ‘hsstan’
Flavor: r-patched-linux-x86_64