Last updated on 2024-07-13 11:49:20 CEST.
Flavor | Version | Tinstall | Tcheck | Ttotal | Status | Flags |
---|---|---|---|---|---|---|
r-devel-linux-x86_64-debian-clang | 0.5.1 | 8.98 | 72.89 | 81.87 | OK | |
r-devel-linux-x86_64-debian-gcc | 0.5.1 | 7.06 | 54.72 | 61.78 | OK | |
r-devel-linux-x86_64-fedora-clang | 0.5.1 | 104.48 | OK | |||
r-devel-linux-x86_64-fedora-gcc | 0.5.1 | 98.51 | OK | |||
r-devel-windows-x86_64 | 0.5.1 | 9.00 | 74.00 | 83.00 | OK | |
r-patched-linux-x86_64 | 0.5.1 | 8.35 | 67.94 | 76.29 | OK | |
r-release-linux-x86_64 | 0.5.1 | 5.58 | 69.78 | 75.36 | OK | |
r-release-macos-arm64 | 0.5.1 | 34.00 | OK | |||
r-release-macos-x86_64 | 0.5.1 | 47.00 | OK | |||
r-release-windows-x86_64 | 0.5.1 | 8.00 | 76.00 | 84.00 | OK | |
r-oldrel-macos-arm64 | 0.5.1 | 41.00 | NOTE | |||
r-oldrel-macos-x86_64 | 0.5.1 | 87.00 | NOTE | |||
r-oldrel-windows-x86_64 | 0.5.1 | 12.00 | 88.00 | 100.00 | OK |
Version: 0.5.1
Check: package dependencies
Result: NOTE
Package suggested but not available for checking: ‘rhdf5’
Flavors: r-oldrel-macos-arm64, r-oldrel-macos-x86_64