Last updated on 2024-06-27 10:49:37 CEST.
Flavor | Version | Tinstall | Tcheck | Ttotal | Status | Flags |
---|---|---|---|---|---|---|
r-devel-linux-x86_64-debian-clang | 1.3.2 | NOTE | ||||
r-devel-linux-x86_64-debian-gcc | 1.3.2 | 1.29 | 33.16 | 34.45 | NOTE | |
r-devel-linux-x86_64-fedora-clang | 1.3.2 | 55.63 | NOTE | |||
r-devel-linux-x86_64-fedora-gcc | 1.3.2 | 53.82 | NOTE | |||
r-devel-windows-x86_64 | 1.3.2 | 2.00 | 40.00 | 42.00 | NOTE | |
r-patched-linux-x86_64 | 1.3.2 | 1.99 | 42.44 | 44.43 | NOTE | |
r-release-linux-x86_64 | 1.3.2 | 1.90 | 41.96 | 43.86 | NOTE | |
r-release-macos-arm64 | 1.3.2 | 14.00 | NOTE | |||
r-release-macos-x86_64 | 1.3.2 | 33.00 | NOTE | |||
r-release-windows-x86_64 | 1.3.2 | 2.00 | 39.00 | 41.00 | NOTE | |
r-oldrel-macos-arm64 | 1.3.2 | 15.00 | OK | |||
r-oldrel-macos-x86_64 | 1.3.2 | 19.00 | OK | |||
r-oldrel-windows-x86_64 | 1.3.2 | 3.00 | 41.00 | 44.00 | OK |
Version: 1.3.2
Check: Rd files
Result: NOTE
checkRd: (-1) nbconvert.Rd:49: Lost braces in \enumerate; meant \describe ?
checkRd: (-1) nbconvert.Rd:50: Lost braces in \enumerate; meant \describe ?
Flavors: r-devel-linux-x86_64-debian-clang, r-devel-linux-x86_64-debian-gcc, r-devel-linux-x86_64-fedora-clang, r-devel-linux-x86_64-fedora-gcc, r-devel-windows-x86_64, r-patched-linux-x86_64, r-release-linux-x86_64, r-release-macos-arm64, r-release-macos-x86_64, r-release-windows-x86_64