Last updated on 2024-06-27 16:49:10 CEST.
Flavor | Version | Tinstall | Tcheck | Ttotal | Status | Flags |
---|---|---|---|---|---|---|
r-devel-linux-x86_64-debian-clang | 0.5.0 | OK | ||||
r-devel-linux-x86_64-debian-gcc | 0.5.0 | 51.74 | 28.99 | 80.73 | OK | |
r-devel-linux-x86_64-fedora-clang | 0.5.0 | 154.11 | OK | |||
r-devel-linux-x86_64-fedora-gcc | 0.5.0 | 165.39 | OK | |||
r-devel-windows-x86_64 | 0.5.0 | 58.00 | 73.00 | 131.00 | OK | |
r-patched-linux-x86_64 | 0.5.0 | 59.66 | 35.97 | 95.63 | OK | |
r-release-linux-x86_64 | 0.5.0 | 63.84 | 36.51 | 100.35 | OK | |
r-release-macos-arm64 | 0.5.0 | 38.00 | NOTE | |||
r-release-macos-x86_64 | 0.5.0 | 51.00 | NOTE | |||
r-release-windows-x86_64 | 0.5.0 | 61.00 | 75.00 | 136.00 | OK | |
r-oldrel-macos-arm64 | 0.5.0 | 45.00 | NOTE | |||
r-oldrel-macos-x86_64 | 0.5.0 | 66.00 | NOTE | |||
r-oldrel-windows-x86_64 | 0.5.0 | 71.00 | 82.00 | 153.00 | OK |
Version: 0.5.0
Check: installed package size
Result: NOTE
installed size is 8.8Mb
sub-directories of 1Mb or more:
libs 8.7Mb
Flavors: r-release-macos-arm64, r-release-macos-x86_64, r-oldrel-macos-arm64, r-oldrel-macos-x86_64