Last updated on 2024-06-27 10:49:37 CEST.
Flavor | Version | Tinstall | Tcheck | Ttotal | Status | Flags |
---|---|---|---|---|---|---|
r-devel-linux-x86_64-debian-clang | 0.3.1 | NOTE | ||||
r-devel-linux-x86_64-debian-gcc | 0.3.1 | 1.85 | 22.94 | 24.79 | NOTE | |
r-devel-linux-x86_64-fedora-clang | 0.3.1 | 40.61 | NOTE | |||
r-devel-linux-x86_64-fedora-gcc | 0.3.1 | 38.09 | NOTE | |||
r-devel-windows-x86_64 | 0.3.1 | 3.00 | 45.00 | 48.00 | NOTE | |
r-patched-linux-x86_64 | 0.3.1 | 2.59 | 29.02 | 31.61 | NOTE | |
r-release-linux-x86_64 | 0.3.1 | 2.02 | 28.23 | 30.25 | NOTE | |
r-release-macos-arm64 | 0.3.1 | 17.00 | NOTE | |||
r-release-macos-x86_64 | 0.3.1 | 23.00 | NOTE | |||
r-release-windows-x86_64 | 0.3.1 | 3.00 | 46.00 | 49.00 | NOTE | |
r-oldrel-macos-arm64 | 0.3.1 | 19.00 | NOTE | |||
r-oldrel-macos-x86_64 | 0.3.1 | 23.00 | NOTE | |||
r-oldrel-windows-x86_64 | 0.3.1 | 3.00 | 48.00 | 51.00 | NOTE |
Version: 0.3.1
Check: package subdirectories
Result: NOTE
Problems with news in ‘NEWS.md’:
Cannot extract version info from the following section titles:
Version (2018-01-22)
Version (2017-08-22)
Version
Flavors: r-devel-linux-x86_64-debian-clang, r-devel-linux-x86_64-debian-gcc, r-devel-linux-x86_64-fedora-clang, r-devel-linux-x86_64-fedora-gcc, r-devel-windows-x86_64, r-patched-linux-x86_64, r-release-linux-x86_64, r-release-macos-arm64, r-release-macos-x86_64, r-release-windows-x86_64, r-oldrel-macos-arm64, r-oldrel-macos-x86_64, r-oldrel-windows-x86_64
Version: 0.3.1
Check: LazyData
Result: NOTE
'LazyData' is specified without a 'data' directory
Flavors: r-devel-linux-x86_64-debian-clang, r-devel-linux-x86_64-debian-gcc, r-devel-linux-x86_64-fedora-clang, r-devel-linux-x86_64-fedora-gcc, r-devel-windows-x86_64, r-patched-linux-x86_64, r-release-linux-x86_64, r-release-macos-arm64, r-release-macos-x86_64, r-release-windows-x86_64, r-oldrel-macos-arm64, r-oldrel-macos-x86_64, r-oldrel-windows-x86_64