Last updated on 2024-07-13 05:49:20 CEST.
Flavor | Version | Tinstall | Tcheck | Ttotal | Status | Flags |
---|---|---|---|---|---|---|
r-devel-linux-x86_64-debian-clang | 0.1.1 | 106.62 | 55.48 | 162.10 | OK | |
r-devel-linux-x86_64-debian-gcc | 0.1.1 | 71.89 | 42.19 | 114.08 | OK | |
r-devel-linux-x86_64-fedora-clang | 0.1.1 | 233.83 | OK | |||
r-devel-linux-x86_64-fedora-gcc | 0.1.1 | 245.58 | OK | |||
r-devel-windows-x86_64 | 0.1.1 | 83.00 | 86.00 | 169.00 | OK | |
r-patched-linux-x86_64 | 0.1.1 | 92.71 | 54.67 | 147.38 | OK | |
r-release-linux-x86_64 | 0.1.1 | 89.49 | 53.10 | 142.59 | OK | |
r-release-macos-arm64 | 0.1.1 | 50.00 | OK | |||
r-release-macos-x86_64 | 0.1.1 | 57.00 | OK | |||
r-release-windows-x86_64 | 0.1.1 | 84.00 | 88.00 | 172.00 | OK | |
r-oldrel-macos-arm64 | 0.1.1 | 129.00 | NOTE | |||
r-oldrel-macos-x86_64 | 0.1.1 | 62.00 | OK | |||
r-oldrel-windows-x86_64 | 0.1.1 | 102.00 | 106.00 | 208.00 | OK |
Version: 0.1.1
Check: installed package size
Result: NOTE
installed size is 5.1Mb
sub-directories of 1Mb or more:
libs 4.9Mb
Flavor: r-oldrel-macos-arm64