Last updated on 2024-07-13 11:49:20 CEST.
Flavor | Version | Tinstall | Tcheck | Ttotal | Status | Flags |
---|---|---|---|---|---|---|
r-devel-linux-x86_64-debian-clang | 0.99-3 | 18.26 | 76.64 | 94.90 | OK | |
r-devel-linux-x86_64-debian-gcc | 0.99-3 | 17.82 | 51.67 | 69.49 | OK | |
r-devel-linux-x86_64-fedora-clang | 0.99-3 | 122.66 | NOTE | |||
r-devel-linux-x86_64-fedora-gcc | 0.99-3 | 108.73 | OK | |||
r-devel-windows-x86_64 | 0.99-3 | 15.00 | 66.00 | 81.00 | OK | |
r-patched-linux-x86_64 | 0.99-3 | 20.01 | 71.63 | 91.64 | OK | |
r-release-linux-x86_64 | 0.99-3 | 24.11 | 70.34 | 94.45 | OK | |
r-release-macos-arm64 | 0.99-3 | 31.00 | OK | |||
r-release-macos-x86_64 | 0.99-3 | 49.00 | OK | |||
r-release-windows-x86_64 | 0.99-3 | 14.00 | 67.00 | 81.00 | OK | |
r-oldrel-macos-arm64 | 0.99-3 | 32.00 | OK | |||
r-oldrel-macos-x86_64 | 0.99-3 | 80.00 | OK | |||
r-oldrel-windows-x86_64 | 0.99-3 | 16.00 | 80.00 | 96.00 | OK |
Version: 0.99-3
Check: Rd cross-references
Result: NOTE
Undeclared package ‘sdam’ in Rd xrefs
Flavor: r-devel-linux-x86_64-fedora-clang