Last updated on 2024-07-13 05:49:20 CEST.
Flavor | Version | Tinstall | Tcheck | Ttotal | Status | Flags |
---|---|---|---|---|---|---|
r-devel-linux-x86_64-debian-clang | 1.3.3 | 3.79 | 56.65 | 60.44 | NOTE | |
r-devel-linux-x86_64-debian-gcc | 1.3.3 | 3.15 | 40.65 | 43.80 | NOTE | |
r-devel-linux-x86_64-fedora-clang | 1.3.3 | 76.57 | NOTE | |||
r-devel-linux-x86_64-fedora-gcc | 1.3.3 | 81.47 | NOTE | |||
r-devel-windows-x86_64 | 1.3.3 | 4.00 | 66.00 | 70.00 | NOTE | |
r-patched-linux-x86_64 | 1.3.3 | 3.22 | 50.71 | 53.93 | NOTE | |
r-release-linux-x86_64 | 1.3.3 | 3.68 | 51.55 | 55.23 | NOTE | |
r-release-macos-arm64 | 1.3.3 | 29.00 | NOTE | |||
r-release-macos-x86_64 | 1.3.3 | 57.00 | NOTE | |||
r-release-windows-x86_64 | 1.3.3 | 4.00 | 62.00 | 66.00 | NOTE | |
r-oldrel-macos-arm64 | 1.3.3 | 31.00 | NOTE | |||
r-oldrel-macos-x86_64 | 1.3.3 | 47.00 | NOTE | |||
r-oldrel-windows-x86_64 | 1.3.3 | 4.00 | 71.00 | 75.00 | NOTE |
Version: 1.3.3
Check: LazyData
Result: NOTE
'LazyData' is specified without a 'data' directory
Flavors: r-devel-linux-x86_64-debian-clang, r-devel-linux-x86_64-debian-gcc, r-devel-linux-x86_64-fedora-clang, r-devel-linux-x86_64-fedora-gcc, r-devel-windows-x86_64, r-patched-linux-x86_64, r-release-linux-x86_64, r-release-macos-arm64, r-release-macos-x86_64, r-release-windows-x86_64, r-oldrel-macos-arm64, r-oldrel-macos-x86_64, r-oldrel-windows-x86_64