Last updated on 2024-06-27 16:49:09 CEST.
Flavor | Version | Tinstall | Tcheck | Ttotal | Status | Flags |
---|---|---|---|---|---|---|
r-devel-linux-x86_64-debian-clang | 1.3 | OK | ||||
r-devel-linux-x86_64-debian-gcc | 1.3 | 3.51 | 45.49 | 49.00 | OK | |
r-devel-linux-x86_64-fedora-clang | 1.3 | 87.44 | NOTE | |||
r-devel-linux-x86_64-fedora-gcc | 1.3 | 82.10 | OK | |||
r-devel-windows-x86_64 | 1.3 | 5.00 | 69.00 | 74.00 | OK | |
r-patched-linux-x86_64 | 1.3 | 5.45 | 63.47 | 68.92 | OK | |
r-release-linux-x86_64 | 1.3 | 4.17 | 60.61 | 64.78 | OK | |
r-release-macos-arm64 | 1.3 | 24.00 | OK | |||
r-release-macos-x86_64 | 1.3 | 56.00 | OK | |||
r-release-windows-x86_64 | 1.3 | 7.00 | 70.00 | 77.00 | OK | |
r-oldrel-macos-arm64 | 1.3 | 26.00 | OK | |||
r-oldrel-macos-x86_64 | 1.3 | 40.00 | OK | |||
r-oldrel-windows-x86_64 | 1.3 | 5.00 | 81.00 | 86.00 | OK |
Version: 1.3
Check: Rd cross-references
Result: NOTE
Undeclared package ‘energy’ in Rd xrefs
Flavor: r-devel-linux-x86_64-fedora-clang