Last updated on 2024-06-27 16:49:09 CEST.
Flavor | Version | Tinstall | Tcheck | Ttotal | Status | Flags |
---|---|---|---|---|---|---|
r-devel-linux-x86_64-debian-clang | 4.4.0 | OK | ||||
r-devel-linux-x86_64-debian-gcc | 4.4.0 | 2061.05 | 52.59 | 2113.64 | OK | |
r-devel-linux-x86_64-fedora-clang | 4.4.0 | 4046.19 | NOTE | |||
r-devel-linux-x86_64-fedora-gcc | 4.4.0 | 4781.05 | OK | |||
r-devel-windows-x86_64 | 4.4.0 | 1929.00 | 183.00 | 2112.00 | NOTE | |
r-patched-linux-x86_64 | 4.4.0 | 2428.64 | 68.79 | 2497.43 | OK | |
r-release-linux-x86_64 | 4.4.0 | 2511.15 | 69.41 | 2580.56 | OK | |
r-release-macos-arm64 | 4.4.0 | 823.00 | NOTE | |||
r-release-macos-x86_64 | 4.4.0 | 796.00 | NOTE | |||
r-release-windows-x86_64 | 4.4.0 | 1984.00 | 226.00 | 2210.00 | NOTE | |
r-oldrel-macos-arm64 | 4.4.0 | 801.00 | NOTE | |||
r-oldrel-macos-x86_64 | 4.4.0 | 775.00 | NOTE | |||
r-oldrel-windows-x86_64 | 4.4.0 | 2414.00 | 260.00 | 2674.00 | NOTE |
Version: 4.4.0
Check: installed package size
Result: NOTE
installed size is 36.1Mb
sub-directories of 1Mb or more:
include 10.4Mb
libs 25.2Mb
Flavors: r-devel-linux-x86_64-fedora-clang, r-devel-windows-x86_64, r-release-macos-arm64, r-release-macos-x86_64, r-release-windows-x86_64, r-oldrel-macos-arm64, r-oldrel-macos-x86_64, r-oldrel-windows-x86_64