Last updated on 2024-07-13 11:49:19 CEST.
Flavor | Version | Tinstall | Tcheck | Ttotal | Status | Flags |
---|---|---|---|---|---|---|
r-devel-linux-x86_64-debian-clang | 2.5.1 | 46.90 | 276.45 | 323.35 | OK | |
r-devel-linux-x86_64-debian-gcc | 2.5.1 | 26.44 | 194.52 | 220.96 | OK | |
r-devel-linux-x86_64-fedora-clang | 2.5.1 | 409.50 | OK | |||
r-devel-linux-x86_64-fedora-gcc | 2.5.1 | 377.25 | OK | |||
r-devel-windows-x86_64 | 2.5.1 | 33.00 | 261.00 | 294.00 | NOTE | --no-vignettes |
r-patched-linux-x86_64 | 2.5.1 | 41.75 | 253.93 | 295.68 | OK | |
r-release-linux-x86_64 | 2.5.1 | 22.34 | 262.78 | 285.12 | OK | |
r-release-macos-arm64 | 2.5.1 | 105.00 | OK | |||
r-release-macos-x86_64 | 2.5.1 | 235.00 | OK | |||
r-release-windows-x86_64 | 2.5.1 | 35.00 | 260.00 | 295.00 | NOTE | --no-vignettes |
r-oldrel-macos-arm64 | 2.5.1 | 114.00 | OK | |||
r-oldrel-macos-x86_64 | 2.5.1 | 216.00 | OK | |||
r-oldrel-windows-x86_64 | 2.5.1 | 45.00 | 308.00 | 353.00 | NOTE | --no-vignettes |
Version: 2.5.1
Flags: --no-vignettes
Check: installed package size
Result: NOTE
installed size is 5.1Mb
sub-directories of 1Mb or more:
doc 1.5Mb
Flavors: r-devel-windows-x86_64, r-release-windows-x86_64, r-oldrel-windows-x86_64