Last updated on 2024-07-13 11:49:19 CEST.
Flavor | Version | Tinstall | Tcheck | Ttotal | Status | Flags |
---|---|---|---|---|---|---|
r-devel-linux-x86_64-debian-clang | 0.1.1 | 60.11 | 527.84 | 587.95 | NOTE | |
r-devel-linux-x86_64-debian-gcc | 0.1.1 | 50.84 | 378.78 | 429.62 | NOTE | |
r-devel-linux-x86_64-fedora-clang | 0.1.1 | 743.41 | NOTE | |||
r-devel-linux-x86_64-fedora-gcc | 0.1.1 | 682.85 | NOTE | |||
r-devel-windows-x86_64 | 0.1.1 | 50.00 | 328.00 | 378.00 | NOTE | |
r-patched-linux-x86_64 | 0.1.1 | 50.72 | 498.58 | 549.30 | NOTE | |
r-release-linux-x86_64 | 0.1.1 | 38.58 | 485.99 | 524.57 | NOTE | |
r-release-macos-arm64 | 0.1.1 | 188.00 | NOTE | |||
r-release-macos-x86_64 | 0.1.1 | 347.00 | NOTE | |||
r-release-windows-x86_64 | 0.1.1 | 50.00 | 333.00 | 383.00 | NOTE | |
r-oldrel-macos-arm64 | 0.1.1 | 5.00 | ERROR | |||
r-oldrel-macos-x86_64 | 0.1.1 | 298.00 | OK | |||
r-oldrel-windows-x86_64 | 0.1.1 | 70.00 | 477.00 | 547.00 | OK |
Version: 0.1.1
Check: Rd files
Result: NOTE
checkRd: (-1) FindVariableFeaturesMix.Rd:23: Lost braces in \itemize; meant \describe ?
checkRd: (-1) FindVariableFeaturesMix.Rd:24: Lost braces in \itemize; meant \describe ?
checkRd: (-1) FindVariableFeaturesMix.Rd:25: Lost braces in \itemize; meant \describe ?
checkRd: (-1) FindVariableFeaturesMix.Rd:26: Lost braces in \itemize; meant \describe ?
checkRd: (-1) FindVariableFeaturesMix.Rd:27: Lost braces in \itemize; meant \describe ?
checkRd: (-1) FindVariableFeaturesMix.Rd:28: Lost braces in \itemize; meant \describe ?
checkRd: (-1) FindVariableFeaturesMix.Rd:29: Lost braces in \itemize; meant \describe ?
checkRd: (-1) FindVariableFeaturesMix.Rd:30: Lost braces in \itemize; meant \describe ?
checkRd: (-1) FindVariableFeaturesMix.Rd:31: Lost braces in \itemize; meant \describe ?
checkRd: (-1) FindVariableFeaturesMix.Rd:32: Lost braces in \itemize; meant \describe ?
checkRd: (-1) FindVariableFeaturesMix.Rd:33: Lost braces in \itemize; meant \describe ?
checkRd: (-1) FindVariableFeaturesMix.Rd:34: Lost braces in \itemize; meant \describe ?
checkRd: (-1) FindVariableFeaturesMix.Rd:35: Lost braces in \itemize; meant \describe ?
checkRd: (-1) FindVariableFeaturesMix.Rd:36: Lost braces in \itemize; meant \describe ?
checkRd: (-1) FindVariableFeaturesMix.Rd:37: Lost braces in \itemize; meant \describe ?
checkRd: (-1) FindVariableFeaturesMix.Rd:38: Lost braces in \itemize; meant \describe ?
checkRd: (-1) FindVariableFeaturesMix.Rd:39: Lost braces in \itemize; meant \describe ?
checkRd: (-1) FindVariableFeaturesMix.Rd:52: Lost braces in \itemize; meant \describe ?
checkRd: (-1) FindVariableFeaturesMix.Rd:53: Lost braces in \itemize; meant \describe ?
Flavors: r-devel-linux-x86_64-debian-clang, r-devel-linux-x86_64-debian-gcc, r-devel-linux-x86_64-fedora-clang, r-devel-linux-x86_64-fedora-gcc, r-devel-windows-x86_64, r-patched-linux-x86_64, r-release-linux-x86_64, r-release-macos-arm64, r-release-macos-x86_64, r-release-windows-x86_64
Version: 0.1.1
Check: package dependencies
Result: ERROR
Package required but not available: ‘scran’
See section ‘The DESCRIPTION file’ in the ‘Writing R Extensions’
manual.
Flavor: r-oldrel-macos-arm64