Last updated on 2024-06-27 16:49:09 CEST.
Flavor | Version | Tinstall | Tcheck | Ttotal | Status | Flags |
---|---|---|---|---|---|---|
r-devel-linux-x86_64-debian-clang | 1.2.7 | NOTE | ||||
r-devel-linux-x86_64-debian-gcc | 1.2.7 | 7.33 | 36.99 | 44.32 | NOTE | |
r-devel-linux-x86_64-fedora-clang | 1.2.7 | 73.76 | NOTE | |||
r-devel-linux-x86_64-fedora-gcc | 1.2.7 | 73.23 | NOTE | |||
r-devel-windows-x86_64 | 1.2.7 | 10.00 | 59.00 | 69.00 | NOTE | |
r-patched-linux-x86_64 | 1.2.7 | 10.04 | 49.12 | 59.16 | NOTE | |
r-release-linux-x86_64 | 1.2.7 | 8.83 | 48.89 | 57.72 | NOTE | |
r-release-macos-arm64 | 1.2.7 | 25.00 | NOTE | |||
r-release-macos-x86_64 | 1.2.7 | 42.00 | NOTE | |||
r-release-windows-x86_64 | 1.2.7 | 9.00 | 61.00 | 70.00 | NOTE | |
r-oldrel-macos-arm64 | 1.2.7 | 33.00 | NOTE | |||
r-oldrel-macos-x86_64 | 1.2.7 | 50.00 | NOTE | |||
r-oldrel-windows-x86_64 | 1.2.7 | 11.00 | 69.00 | 80.00 | NOTE |
Version: 1.2.7
Check: Rd files
Result: NOTE
checkRd: (-1) SLD.Rd:20: Escaped LaTeX specials: \&
Flavors: r-devel-linux-x86_64-debian-clang, r-devel-linux-x86_64-debian-gcc, r-devel-linux-x86_64-fedora-clang, r-devel-linux-x86_64-fedora-gcc, r-devel-windows-x86_64, r-patched-linux-x86_64, r-release-linux-x86_64, r-release-macos-arm64, r-release-macos-x86_64, r-release-windows-x86_64, r-oldrel-macos-arm64, r-oldrel-macos-x86_64, r-oldrel-windows-x86_64
Version: 1.2.7
Check: compiled code
Result: NOTE
File ‘mixexp/libs/mixexp.so’:
Found no calls to: ‘R_registerRoutines’, ‘R_useDynamicSymbols’
It is good practice to register native routines and to disable symbol
search.
See ‘Writing portable packages’ in the ‘Writing R Extensions’ manual.
Flavors: r-devel-linux-x86_64-fedora-clang, r-devel-linux-x86_64-fedora-gcc