Last updated on 2024-07-13 05:49:19 CEST.
Flavor | Version | Tinstall | Tcheck | Ttotal | Status | Flags |
---|---|---|---|---|---|---|
r-devel-linux-x86_64-debian-clang | 1.0.0 | 4.05 | 330.31 | 334.36 | NOTE | |
r-devel-linux-x86_64-debian-gcc | 1.0.0 | 2.87 | 235.94 | 238.81 | NOTE | |
r-devel-linux-x86_64-fedora-clang | 1.0.0 | 405.97 | NOTE | |||
r-devel-linux-x86_64-fedora-gcc | 1.0.0 | 379.66 | NOTE | |||
r-devel-windows-x86_64 | 1.0.0 | 5.00 | 269.00 | 274.00 | NOTE | |
r-patched-linux-x86_64 | 1.0.0 | 3.69 | 298.48 | 302.17 | NOTE | |
r-release-linux-x86_64 | 1.0.0 | 3.57 | 303.02 | 306.59 | NOTE | |
r-release-macos-arm64 | 1.0.0 | 115.00 | NOTE | |||
r-release-macos-x86_64 | 1.0.0 | 226.00 | NOTE | |||
r-release-windows-x86_64 | 1.0.0 | 4.00 | 265.00 | 269.00 | NOTE | |
r-oldrel-macos-arm64 | 1.0.0 | 130.00 | NOTE | |||
r-oldrel-macos-x86_64 | 1.0.0 | 217.00 | NOTE | |||
r-oldrel-windows-x86_64 | 1.0.0 | 4.00 | 309.00 | 313.00 | NOTE |
Version: 1.0.0
Check: package subdirectories
Result: NOTE
Problems with news in ‘NEWS.md’:
Cannot extract version info from the following section titles:
Bug Fix
Update Vignettes
Function Optimizing
New Functions
Vignette
Optimization
Fix Bugs
Add New Function
Update Description Files
Fix bugs
New .R files
Update Old .R files
Flavors: r-devel-linux-x86_64-debian-clang, r-devel-linux-x86_64-debian-gcc, r-devel-linux-x86_64-fedora-clang, r-devel-linux-x86_64-fedora-gcc, r-devel-windows-x86_64, r-patched-linux-x86_64, r-release-linux-x86_64, r-release-macos-arm64, r-release-macos-x86_64, r-release-windows-x86_64, r-oldrel-macos-arm64, r-oldrel-macos-x86_64, r-oldrel-windows-x86_64