Last updated on 2024-06-27 10:49:36 CEST.
Flavor | Version | Tinstall | Tcheck | Ttotal | Status | Flags |
---|---|---|---|---|---|---|
r-devel-linux-x86_64-debian-clang | 0.9-1 | OK | ||||
r-devel-linux-x86_64-debian-gcc | 0.9-1 | 5.24 | 39.43 | 44.67 | OK | |
r-devel-linux-x86_64-fedora-clang | 0.9-1 | 74.00 | NOTE | |||
r-devel-linux-x86_64-fedora-gcc | 0.9-1 | 72.87 | OK | |||
r-devel-windows-x86_64 | 0.9-1 | 5.00 | 72.00 | 77.00 | OK | |
r-patched-linux-x86_64 | 0.9-1 | 6.77 | 50.54 | 57.31 | OK | |
r-release-linux-x86_64 | 0.9-1 | 7.34 | 52.04 | 59.38 | OK | |
r-release-macos-arm64 | 0.9-1 | 35.00 | OK | |||
r-release-macos-x86_64 | 0.9-1 | 46.00 | OK | |||
r-release-windows-x86_64 | 0.9-1 | 5.00 | 70.00 | 75.00 | OK | |
r-oldrel-macos-arm64 | 0.9-1 | 29.00 | OK | |||
r-oldrel-macos-x86_64 | 0.9-1 | 41.00 | OK | |||
r-oldrel-windows-x86_64 | 0.9-1 | 6.00 | 78.00 | 84.00 | OK |
Version: 0.9-1
Check: Rd cross-references
Result: NOTE
Undeclared package ‘scatterplot3d’ in Rd xrefs
Flavor: r-devel-linux-x86_64-fedora-clang