Last updated on 2024-06-27 16:49:09 CEST.
Flavor | Version | Tinstall | Tcheck | Ttotal | Status | Flags |
---|---|---|---|---|---|---|
r-devel-linux-x86_64-debian-clang | 3.1.1 | NOTE | ||||
r-devel-linux-x86_64-debian-gcc | 3.1.1 | 5.34 | 36.35 | 41.69 | NOTE | |
r-devel-linux-x86_64-fedora-clang | 3.1.1 | 72.76 | NOTE | |||
r-devel-linux-x86_64-fedora-gcc | 3.1.1 | 68.47 | NOTE | |||
r-devel-windows-x86_64 | 3.1.1 | 5.00 | 62.00 | 67.00 | NOTE | |
r-patched-linux-x86_64 | 3.1.1 | 7.30 | 47.42 | 54.72 | NOTE | |
r-release-linux-x86_64 | 3.1.1 | 6.88 | 46.73 | 53.61 | NOTE | |
r-release-macos-arm64 | 3.1.1 | 34.00 | NOTE | |||
r-release-macos-x86_64 | 3.1.1 | 76.00 | NOTE | |||
r-release-windows-x86_64 | 3.1.1 | 6.00 | 54.00 | 60.00 | NOTE | |
r-oldrel-macos-arm64 | 3.1.1 | 24.00 | NOTE | |||
r-oldrel-macos-x86_64 | 3.1.1 | 39.00 | NOTE | |||
r-oldrel-windows-x86_64 | 3.1.1 | 6.00 | 72.00 | 78.00 | NOTE |
Version: 3.1.1
Check: LazyData
Result: NOTE
'LazyData' is specified without a 'data' directory
Flavors: r-devel-linux-x86_64-debian-clang, r-devel-linux-x86_64-debian-gcc, r-devel-linux-x86_64-fedora-clang, r-devel-linux-x86_64-fedora-gcc, r-devel-windows-x86_64, r-patched-linux-x86_64, r-release-linux-x86_64, r-release-macos-arm64, r-release-macos-x86_64, r-release-windows-x86_64, r-oldrel-macos-arm64, r-oldrel-macos-x86_64, r-oldrel-windows-x86_64