Last updated on 2024-07-13 11:49:18 CEST.
Flavor | Version | Tinstall | Tcheck | Ttotal | Status | Flags |
---|---|---|---|---|---|---|
r-devel-linux-x86_64-debian-clang | 1.0.7 | 2.38 | 107.03 | 109.41 | NOTE | |
r-devel-linux-x86_64-debian-gcc | 1.0.7 | 1.63 | 71.40 | 73.03 | NOTE | |
r-devel-linux-x86_64-fedora-clang | 1.0.7 | 132.75 | NOTE | |||
r-devel-linux-x86_64-fedora-gcc | 1.0.7 | 141.70 | NOTE | |||
r-devel-windows-x86_64 | 1.0.7 | 3.00 | 48.00 | 51.00 | NOTE | --no-vignettes |
r-patched-linux-x86_64 | 1.0.7 | 2.24 | 96.65 | 98.89 | NOTE | |
r-release-linux-x86_64 | 1.0.7 | 1.87 | 98.83 | 100.70 | NOTE | |
r-release-macos-arm64 | 1.0.7 | 43.00 | NOTE | |||
r-release-macos-x86_64 | 1.0.7 | 76.00 | NOTE | |||
r-release-windows-x86_64 | 1.0.7 | 4.00 | 46.00 | 50.00 | NOTE | --no-vignettes |
r-oldrel-macos-arm64 | 1.0.7 | 65.00 | OK | |||
r-oldrel-macos-x86_64 | 1.0.7 | 123.00 | OK | |||
r-oldrel-windows-x86_64 | 1.0.7 | 3.00 | 45.00 | 48.00 | OK | --no-vignettes |
Version: 1.0.7
Check: Rd files
Result: NOTE
checkRd: (-1) param.Rd:29: Lost braces
29 | T. Strub, S. Giuliano, T. Ye, et al. (2011) Essential role of microphthalmia transcription factor for DNA replication, mitosis and genomic stability in melanoma. emph{Oncogene} \bold{30}:2319-32.
| ^
Flavors: r-devel-linux-x86_64-debian-clang, r-devel-linux-x86_64-debian-gcc, r-devel-linux-x86_64-fedora-clang, r-devel-linux-x86_64-fedora-gcc, r-patched-linux-x86_64, r-release-linux-x86_64, r-release-macos-arm64, r-release-macos-x86_64
Version: 1.0.7
Flags: --no-vignettes
Check: Rd files
Result: NOTE
checkRd: (-1) param.Rd:29: Lost braces
29 | T. Strub, S. Giuliano, T. Ye, et al. (2011) Essential role of microphthalmia transcription factor for DNA replication, mitosis and genomic stability in melanoma. emph{Oncogene} \bold{30}:2319-32.
| ^
Flavors: r-devel-windows-x86_64, r-release-windows-x86_64