Last updated on 2024-06-27 10:49:36 CEST.
Flavor | Version | Tinstall | Tcheck | Ttotal | Status | Flags |
---|---|---|---|---|---|---|
r-devel-linux-x86_64-debian-clang | 0.15.0 | OK | ||||
r-devel-linux-x86_64-debian-gcc | 0.15.0 | 14.54 | 246.96 | 261.50 | OK | |
r-devel-linux-x86_64-fedora-clang | 0.15.0 | 443.65 | NOTE | |||
r-devel-linux-x86_64-fedora-gcc | 0.15.0 | 430.68 | OK | |||
r-devel-windows-x86_64 | 0.15.0 | 16.00 | 276.00 | 292.00 | OK | |
r-patched-linux-x86_64 | 0.15.0 | 24.99 | 327.31 | 352.30 | OK | |
r-release-linux-x86_64 | 0.15.0 | 14.11 | 321.35 | 335.46 | OK | |
r-release-macos-arm64 | 0.15.0 | 115.00 | OK | |||
r-release-macos-x86_64 | 0.15.0 | 200.00 | OK | |||
r-release-windows-x86_64 | 0.15.0 | 18.00 | 279.00 | 297.00 | OK | |
r-oldrel-macos-arm64 | 0.15.0 | 111.00 | OK | |||
r-oldrel-macos-x86_64 | 0.15.0 | 284.00 | OK | |||
r-oldrel-windows-x86_64 | 0.15.0 | 22.00 | 353.00 | 375.00 | OK |
Version: 0.15.0
Check: Rd cross-references
Result: NOTE
Undeclared package ‘rlang’ in Rd xrefs
Flavor: r-devel-linux-x86_64-fedora-clang