Last updated on 2024-07-13 05:49:19 CEST.
Flavor | Version | Tinstall | Tcheck | Ttotal | Status | Flags |
---|---|---|---|---|---|---|
r-devel-linux-x86_64-debian-clang | 0.7-6 | 27.90 | 229.08 | 256.98 | OK | |
r-devel-linux-x86_64-debian-gcc | 0.7-6 | 22.34 | 175.52 | 197.86 | OK | |
r-devel-linux-x86_64-fedora-clang | 0.7-6 | 335.08 | OK | |||
r-devel-linux-x86_64-fedora-gcc | 0.7-6 | 338.51 | OK | |||
r-devel-windows-x86_64 | 0.7-6 | 25.00 | 199.00 | 224.00 | NOTE | |
r-patched-linux-x86_64 | 0.7-6 | 33.93 | 219.34 | 253.27 | OK | |
r-release-linux-x86_64 | 0.7-6 | 19.71 | 219.33 | 239.04 | OK | |
r-release-macos-arm64 | 0.7-6 | 92.00 | OK | |||
r-release-macos-x86_64 | 0.7-6 | 138.00 | OK | |||
r-release-windows-x86_64 | 0.7-6 | 24.00 | 199.00 | 223.00 | OK | |
r-oldrel-macos-arm64 | 0.7-6 | 64.00 | OK | |||
r-oldrel-macos-x86_64 | 0.7-6 | 116.00 | OK | |||
r-oldrel-windows-x86_64 | 0.7-6 | 31.00 | 233.00 | 264.00 | OK |
Version: 0.7-6
Check: Rd cross-references
Result: NOTE
Found the following Rd file(s) with Rd \link{} targets missing package
anchors:
findOptimalSmacofSym.rd: data.Normalization, dist.GDM, smacofSym
optSmacofSymInterval.rd: data.Normalization, interval_normalization,
dist.Symbolic, smacofSym
optSmacofSym_mMDS.rd: data.Normalization, dist.GDM, smacofSym
optSmacofSym_nMDS.rd: data.Normalization, dist.GDM, smacofSym
rotation2dAnimation.rd: ani.options, im.convert, saveGIF, saveHTML,
saveLatex, saveSWF
Please provide package anchors for all Rd \link{} targets not in the
package itself and the base packages.
Flavor: r-devel-windows-x86_64