Last updated on 2024-06-21 09:55:47 CEST.
Flavor | Version | Tinstall | Tcheck | Ttotal | Status | Flags |
---|---|---|---|---|---|---|
r-devel-linux-x86_64-debian-clang | 0.3.2 | 2.89 | 88.51 | 91.40 | NOTE | |
r-devel-linux-x86_64-debian-gcc | 0.3.2 | 2.02 | 62.31 | 64.33 | NOTE | |
r-devel-linux-x86_64-fedora-clang | 0.3.2 | 115.96 | NOTE | |||
r-devel-linux-x86_64-fedora-gcc | 0.3.2 | 118.54 | NOTE | |||
r-devel-windows-x86_64 | 0.3.2 | 4.00 | 80.00 | 84.00 | NOTE | |
r-patched-linux-x86_64 | 0.3.2 | 2.10 | 83.68 | 85.78 | NOTE | |
r-release-linux-x86_64 | 0.3.2 | 1.75 | 84.23 | 85.98 | NOTE | |
r-release-macos-arm64 | 0.3.2 | 40.00 | NOTE | |||
r-release-macos-x86_64 | 0.3.2 | 61.00 | NOTE | |||
r-release-windows-x86_64 | 0.3.2 | 4.00 | 80.00 | 84.00 | NOTE | |
r-oldrel-macos-arm64 | 0.3.2 | 46.00 | NOTE | |||
r-oldrel-macos-x86_64 | 0.3.2 | 72.00 | NOTE | |||
r-oldrel-windows-x86_64 | 0.3.2 | 4.00 | 99.00 | 103.00 | NOTE |
Version: 0.3.2
Check: package subdirectories
Result: NOTE
Problems with news in ‘NEWS.md’:
Cannot extract version info from the following section titles:
Initial version.
Flavors: r-devel-linux-x86_64-debian-clang, r-devel-linux-x86_64-debian-gcc, r-devel-linux-x86_64-fedora-clang, r-devel-linux-x86_64-fedora-gcc, r-devel-windows-x86_64, r-patched-linux-x86_64, r-release-linux-x86_64, r-release-macos-arm64, r-release-macos-x86_64, r-release-windows-x86_64, r-oldrel-macos-arm64, r-oldrel-macos-x86_64, r-oldrel-windows-x86_64