Last updated on 2024-06-21 09:55:47 CEST.
Flavor | Version | Tinstall | Tcheck | Ttotal | Status | Flags |
---|---|---|---|---|---|---|
r-devel-linux-x86_64-debian-clang | 1.1.0 | 18.86 | 246.04 | 264.90 | OK | |
r-devel-linux-x86_64-debian-gcc | 1.1.0 | 15.78 | 179.29 | 195.07 | OK | |
r-devel-linux-x86_64-fedora-clang | 1.1.0 | 342.14 | NOTE | |||
r-devel-linux-x86_64-fedora-gcc | 1.1.0 | 347.46 | OK | |||
r-devel-windows-x86_64 | 1.1.0 | 17.00 | 187.00 | 204.00 | OK | |
r-patched-linux-x86_64 | 1.1.0 | 19.92 | 234.55 | 254.47 | OK | |
r-release-linux-x86_64 | 1.1.0 | 17.56 | 236.52 | 254.08 | OK | |
r-release-macos-arm64 | 1.1.0 | 93.00 | OK | |||
r-release-macos-x86_64 | 1.1.0 | 137.00 | OK | |||
r-release-windows-x86_64 | 1.1.0 | 17.00 | 186.00 | 203.00 | OK | |
r-oldrel-macos-arm64 | 1.1.0 | 89.00 | OK | |||
r-oldrel-macos-x86_64 | 1.1.0 | 169.00 | OK | |||
r-oldrel-windows-x86_64 | 1.1.0 | 22.00 | 247.00 | 269.00 | OK |
Version: 1.1.0
Check: Rd cross-references
Result: NOTE
Undeclared package ‘cli’ in Rd xrefs
Flavor: r-devel-linux-x86_64-fedora-clang